{"id":2810,"date":"2022-01-04T15:08:24","date_gmt":"2022-01-04T15:08:24","guid":{"rendered":"https:\/\/batai4u.lt\/?post_type=product&#038;p=2810"},"modified":"2026-04-19T15:03:53","modified_gmt":"2026-04-19T15:03:53","slug":"weestep-tapkytes-su-spalvinamais-piesinukais-mergytems","status":"publish","type":"product","link":"https:\/\/batai4u.lt\/index.php\/product\/weestep-tapkytes-su-spalvinamais-piesinukais-mergytems\/","title":{"rendered":"WEESTEP tapkyt\u0117s su spalvinamais pie\u0161inukais mergyt\u0117ms 22-29d"},"content":{"rendered":"<p>22d-14,4cm<\/p>\n<p>23d-15cm<\/p>\n<p>24d-15,5cm<\/p>\n<p>25d-16,2cm<\/p>\n<p>26d-16,8cm<\/p>\n<p>27-17,5cm<\/p>\n<p>28-18cm<\/p>\n<p>29-18,8cm<\/p>\n","protected":false},"excerpt":{"rendered":"<p style=\"text-align: left;\">WEESTEP med\u017eiagin\u0117s ortopedin\u0117s tapkut\u0117s. Vidpadis odinis,su supinatorium, kieta u\u017ekuln\u0117. lengvut\u0117s, kvepuojan\u010dios. Kartu pridedami flamasteriai nusispalvinti tapkytes. Tapkytes galima skalbti skalbimo ma\u0161inoj i\u0161\u0117mus vidpaduka, po skalbimo inaujospalvinti&#8230; Tapk\u0117s lanks\u010dios&#8230;<\/p>\n","protected":false},"featured_media":2820,"comment_status":"closed","ping_status":"closed","template":"","meta":[],"product_brand":[136],"product_cat":[59,31,75,81],"product_tag":[86,88,90,133,83],"class_list":{"0":"post-2810","1":"product","2":"type-product","3":"status-publish","4":"has-post-thumbnail","6":"product_brand-weestep","7":"product_cat-mergaiteme-ruduo-pavasaris","8":"product_cat-mergaitems-vasara","9":"product_cat-mergaitems-ziema","10":"product_cat-tapkes","11":"product_tag-86","12":"product_tag-88","13":"product_tag-90","14":"product_tag-tapkutes","15":"product_tag-weestep","16":"futurio-has-gallery","18":"first","19":"instock","20":"featured","21":"shipping-taxable","22":"purchasable","23":"product-type-variable"},"yoast_head":"<!-- This site is optimized with the Yoast SEO plugin v27.5 - https:\/\/yoast.com\/product\/yoast-seo-wordpress\/ -->\n<title>WEESTEP tapkyt\u0117s su spalvinamais pie\u0161inukais mergyt\u0117ms 22-29d - Batai4u.lt<\/title>\n<meta name=\"robots\" content=\"index, follow, max-snippet:-1, max-image-preview:large, max-video-preview:-1\" \/>\n<link rel=\"canonical\" href=\"https:\/\/batai4u.lt\/index.php\/product\/weestep-tapkytes-su-spalvinamais-piesinukais-mergytems\/\" \/>\n<meta property=\"og:locale\" content=\"en_US\" \/>\n<meta property=\"og:type\" content=\"article\" \/>\n<meta property=\"og:title\" content=\"WEESTEP tapkyt\u0117s su spalvinamais pie\u0161inukais mergyt\u0117ms 22-29d - Batai4u.lt\" \/>\n<meta property=\"og:description\" content=\"WEESTEP med\u017eiagin\u0117s ortopedin\u0117s tapkut\u0117s. Vidpadis odinis,su supinatorium, kieta u\u017ekuln\u0117. lengvut\u0117s, kvepuojan\u010dios. Kartu pridedami flamasteriai nusispalvinti tapkytes. Tapkytes galima skalbti skalbimo ma\u0161inoj i\u0161\u0117mus vidpaduka, po skalbimo inaujospalvinti... Tapk\u0117s lanks\u010dios...\" \/>\n<meta property=\"og:url\" content=\"https:\/\/batai4u.lt\/index.php\/product\/weestep-tapkytes-su-spalvinamais-piesinukais-mergytems\/\" \/>\n<meta property=\"og:site_name\" content=\"Batai4u.lt\" \/>\n<meta property=\"article:modified_time\" content=\"2026-04-19T15:03:53+00:00\" \/>\n<meta property=\"og:image\" content=\"https:\/\/batai4u.lt\/wp-content\/uploads\/2022\/01\/IMG_20220103_230516-scaled.jpg\" \/>\n\t<meta property=\"og:image:width\" content=\"1584\" \/>\n\t<meta property=\"og:image:height\" content=\"2560\" \/>\n\t<meta property=\"og:image:type\" content=\"image\/jpeg\" \/>\n<meta name=\"twitter:card\" content=\"summary_large_image\" \/>\n<meta name=\"twitter:label1\" content=\"Est. reading time\" \/>\n\t<meta name=\"twitter:data1\" content=\"1 minute\" \/>\n<script type=\"application\/ld+json\" class=\"yoast-schema-graph\">{\"@context\":\"https:\\\/\\\/schema.org\",\"@graph\":[{\"@type\":\"WebPage\",\"@id\":\"https:\\\/\\\/batai4u.lt\\\/index.php\\\/product\\\/weestep-tapkytes-su-spalvinamais-piesinukais-mergytems\\\/\",\"url\":\"https:\\\/\\\/batai4u.lt\\\/index.php\\\/product\\\/weestep-tapkytes-su-spalvinamais-piesinukais-mergytems\\\/\",\"name\":\"WEESTEP tapkyt\u0117s su spalvinamais pie\u0161inukais mergyt\u0117ms 22-29d - Batai4u.lt\",\"isPartOf\":{\"@id\":\"https:\\\/\\\/batai4u.lt\\\/#website\"},\"primaryImageOfPage\":{\"@id\":\"https:\\\/\\\/batai4u.lt\\\/index.php\\\/product\\\/weestep-tapkytes-su-spalvinamais-piesinukais-mergytems\\\/#primaryimage\"},\"image\":{\"@id\":\"https:\\\/\\\/batai4u.lt\\\/index.php\\\/product\\\/weestep-tapkytes-su-spalvinamais-piesinukais-mergytems\\\/#primaryimage\"},\"thumbnailUrl\":\"https:\\\/\\\/batai4u.lt\\\/wp-content\\\/uploads\\\/2022\\\/01\\\/IMG_20220103_230516-scaled.jpg\",\"datePublished\":\"2022-01-04T15:08:24+00:00\",\"dateModified\":\"2026-04-19T15:03:53+00:00\",\"breadcrumb\":{\"@id\":\"https:\\\/\\\/batai4u.lt\\\/index.php\\\/product\\\/weestep-tapkytes-su-spalvinamais-piesinukais-mergytems\\\/#breadcrumb\"},\"inLanguage\":\"en-US\",\"potentialAction\":[{\"@type\":\"ReadAction\",\"target\":[\"https:\\\/\\\/batai4u.lt\\\/index.php\\\/product\\\/weestep-tapkytes-su-spalvinamais-piesinukais-mergytems\\\/\"]}]},{\"@type\":\"ImageObject\",\"inLanguage\":\"en-US\",\"@id\":\"https:\\\/\\\/batai4u.lt\\\/index.php\\\/product\\\/weestep-tapkytes-su-spalvinamais-piesinukais-mergytems\\\/#primaryimage\",\"url\":\"https:\\\/\\\/batai4u.lt\\\/wp-content\\\/uploads\\\/2022\\\/01\\\/IMG_20220103_230516-scaled.jpg\",\"contentUrl\":\"https:\\\/\\\/batai4u.lt\\\/wp-content\\\/uploads\\\/2022\\\/01\\\/IMG_20220103_230516-scaled.jpg\",\"width\":1584,\"height\":2560},{\"@type\":\"BreadcrumbList\",\"@id\":\"https:\\\/\\\/batai4u.lt\\\/index.php\\\/product\\\/weestep-tapkytes-su-spalvinamais-piesinukais-mergytems\\\/#breadcrumb\",\"itemListElement\":[{\"@type\":\"ListItem\",\"position\":1,\"name\":\"Home\",\"item\":\"https:\\\/\\\/batai4u.lt\\\/\"},{\"@type\":\"ListItem\",\"position\":2,\"name\":\"Parduotuv\u0117\",\"item\":\"https:\\\/\\\/batai4u.lt\\\/index.php\\\/shop\\\/\"},{\"@type\":\"ListItem\",\"position\":3,\"name\":\"WEESTEP tapkyt\u0117s su spalvinamais pie\u0161inukais mergyt\u0117ms 22-29d\"}]},{\"@type\":\"WebSite\",\"@id\":\"https:\\\/\\\/batai4u.lt\\\/#website\",\"url\":\"https:\\\/\\\/batai4u.lt\\\/\",\"name\":\"Batai4u.lt\",\"description\":\"batai vaikams ir ne tik\",\"publisher\":{\"@id\":\"https:\\\/\\\/batai4u.lt\\\/#\\\/schema\\\/person\\\/8cc43a99285533a2c3e2c58a641f566a\"},\"potentialAction\":[{\"@type\":\"SearchAction\",\"target\":{\"@type\":\"EntryPoint\",\"urlTemplate\":\"https:\\\/\\\/batai4u.lt\\\/?s={search_term_string}\"},\"query-input\":{\"@type\":\"PropertyValueSpecification\",\"valueRequired\":true,\"valueName\":\"search_term_string\"}}],\"inLanguage\":\"en-US\"},{\"@type\":[\"Person\",\"Organization\"],\"@id\":\"https:\\\/\\\/batai4u.lt\\\/#\\\/schema\\\/person\\\/8cc43a99285533a2c3e2c58a641f566a\",\"name\":\"Erika Steponavi\u010dien\u0117\",\"image\":{\"@type\":\"ImageObject\",\"inLanguage\":\"en-US\",\"@id\":\"https:\\\/\\\/secure.gravatar.com\\\/avatar\\\/de70a9d8a8fae7160f42990935bcabb5f827c9e01e111e0bcd4d408af9ba954c?s=96&d=mm&r=g\",\"url\":\"https:\\\/\\\/secure.gravatar.com\\\/avatar\\\/de70a9d8a8fae7160f42990935bcabb5f827c9e01e111e0bcd4d408af9ba954c?s=96&d=mm&r=g\",\"contentUrl\":\"https:\\\/\\\/secure.gravatar.com\\\/avatar\\\/de70a9d8a8fae7160f42990935bcabb5f827c9e01e111e0bcd4d408af9ba954c?s=96&d=mm&r=g\",\"caption\":\"Erika Steponavi\u010dien\u0117\"},\"logo\":{\"@id\":\"https:\\\/\\\/secure.gravatar.com\\\/avatar\\\/de70a9d8a8fae7160f42990935bcabb5f827c9e01e111e0bcd4d408af9ba954c?s=96&d=mm&r=g\"},\"sameAs\":[\"http:\\\/\\\/batai4u.lt\"]}]}<\/script>\n<!-- \/ Yoast SEO plugin. -->","yoast_head_json":{"title":"WEESTEP tapkyt\u0117s su spalvinamais pie\u0161inukais mergyt\u0117ms 22-29d - Batai4u.lt","robots":{"index":"index","follow":"follow","max-snippet":"max-snippet:-1","max-image-preview":"max-image-preview:large","max-video-preview":"max-video-preview:-1"},"canonical":"https:\/\/batai4u.lt\/index.php\/product\/weestep-tapkytes-su-spalvinamais-piesinukais-mergytems\/","og_locale":"en_US","og_type":"article","og_title":"WEESTEP tapkyt\u0117s su spalvinamais pie\u0161inukais mergyt\u0117ms 22-29d - Batai4u.lt","og_description":"WEESTEP med\u017eiagin\u0117s ortopedin\u0117s tapkut\u0117s. Vidpadis odinis,su supinatorium, kieta u\u017ekuln\u0117. lengvut\u0117s, kvepuojan\u010dios. Kartu pridedami flamasteriai nusispalvinti tapkytes. Tapkytes galima skalbti skalbimo ma\u0161inoj i\u0161\u0117mus vidpaduka, po skalbimo inaujospalvinti... Tapk\u0117s lanks\u010dios...","og_url":"https:\/\/batai4u.lt\/index.php\/product\/weestep-tapkytes-su-spalvinamais-piesinukais-mergytems\/","og_site_name":"Batai4u.lt","article_modified_time":"2026-04-19T15:03:53+00:00","og_image":[{"width":1584,"height":2560,"url":"https:\/\/batai4u.lt\/wp-content\/uploads\/2022\/01\/IMG_20220103_230516-scaled.jpg","type":"image\/jpeg"}],"twitter_card":"summary_large_image","twitter_misc":{"Est. reading time":"1 minute"},"schema":{"@context":"https:\/\/schema.org","@graph":[{"@type":"WebPage","@id":"https:\/\/batai4u.lt\/index.php\/product\/weestep-tapkytes-su-spalvinamais-piesinukais-mergytems\/","url":"https:\/\/batai4u.lt\/index.php\/product\/weestep-tapkytes-su-spalvinamais-piesinukais-mergytems\/","name":"WEESTEP tapkyt\u0117s su spalvinamais pie\u0161inukais mergyt\u0117ms 22-29d - Batai4u.lt","isPartOf":{"@id":"https:\/\/batai4u.lt\/#website"},"primaryImageOfPage":{"@id":"https:\/\/batai4u.lt\/index.php\/product\/weestep-tapkytes-su-spalvinamais-piesinukais-mergytems\/#primaryimage"},"image":{"@id":"https:\/\/batai4u.lt\/index.php\/product\/weestep-tapkytes-su-spalvinamais-piesinukais-mergytems\/#primaryimage"},"thumbnailUrl":"https:\/\/batai4u.lt\/wp-content\/uploads\/2022\/01\/IMG_20220103_230516-scaled.jpg","datePublished":"2022-01-04T15:08:24+00:00","dateModified":"2026-04-19T15:03:53+00:00","breadcrumb":{"@id":"https:\/\/batai4u.lt\/index.php\/product\/weestep-tapkytes-su-spalvinamais-piesinukais-mergytems\/#breadcrumb"},"inLanguage":"en-US","potentialAction":[{"@type":"ReadAction","target":["https:\/\/batai4u.lt\/index.php\/product\/weestep-tapkytes-su-spalvinamais-piesinukais-mergytems\/"]}]},{"@type":"ImageObject","inLanguage":"en-US","@id":"https:\/\/batai4u.lt\/index.php\/product\/weestep-tapkytes-su-spalvinamais-piesinukais-mergytems\/#primaryimage","url":"https:\/\/batai4u.lt\/wp-content\/uploads\/2022\/01\/IMG_20220103_230516-scaled.jpg","contentUrl":"https:\/\/batai4u.lt\/wp-content\/uploads\/2022\/01\/IMG_20220103_230516-scaled.jpg","width":1584,"height":2560},{"@type":"BreadcrumbList","@id":"https:\/\/batai4u.lt\/index.php\/product\/weestep-tapkytes-su-spalvinamais-piesinukais-mergytems\/#breadcrumb","itemListElement":[{"@type":"ListItem","position":1,"name":"Home","item":"https:\/\/batai4u.lt\/"},{"@type":"ListItem","position":2,"name":"Parduotuv\u0117","item":"https:\/\/batai4u.lt\/index.php\/shop\/"},{"@type":"ListItem","position":3,"name":"WEESTEP tapkyt\u0117s su spalvinamais pie\u0161inukais mergyt\u0117ms 22-29d"}]},{"@type":"WebSite","@id":"https:\/\/batai4u.lt\/#website","url":"https:\/\/batai4u.lt\/","name":"Batai4u.lt","description":"batai vaikams ir ne tik","publisher":{"@id":"https:\/\/batai4u.lt\/#\/schema\/person\/8cc43a99285533a2c3e2c58a641f566a"},"potentialAction":[{"@type":"SearchAction","target":{"@type":"EntryPoint","urlTemplate":"https:\/\/batai4u.lt\/?s={search_term_string}"},"query-input":{"@type":"PropertyValueSpecification","valueRequired":true,"valueName":"search_term_string"}}],"inLanguage":"en-US"},{"@type":["Person","Organization"],"@id":"https:\/\/batai4u.lt\/#\/schema\/person\/8cc43a99285533a2c3e2c58a641f566a","name":"Erika Steponavi\u010dien\u0117","image":{"@type":"ImageObject","inLanguage":"en-US","@id":"https:\/\/secure.gravatar.com\/avatar\/de70a9d8a8fae7160f42990935bcabb5f827c9e01e111e0bcd4d408af9ba954c?s=96&d=mm&r=g","url":"https:\/\/secure.gravatar.com\/avatar\/de70a9d8a8fae7160f42990935bcabb5f827c9e01e111e0bcd4d408af9ba954c?s=96&d=mm&r=g","contentUrl":"https:\/\/secure.gravatar.com\/avatar\/de70a9d8a8fae7160f42990935bcabb5f827c9e01e111e0bcd4d408af9ba954c?s=96&d=mm&r=g","caption":"Erika Steponavi\u010dien\u0117"},"logo":{"@id":"https:\/\/secure.gravatar.com\/avatar\/de70a9d8a8fae7160f42990935bcabb5f827c9e01e111e0bcd4d408af9ba954c?s=96&d=mm&r=g"},"sameAs":["http:\/\/batai4u.lt"]}]}},"jetpack_sharing_enabled":true,"_links":{"self":[{"href":"https:\/\/batai4u.lt\/index.php\/wp-json\/wp\/v2\/product\/2810","targetHints":{"allow":["GET"]}}],"collection":[{"href":"https:\/\/batai4u.lt\/index.php\/wp-json\/wp\/v2\/product"}],"about":[{"href":"https:\/\/batai4u.lt\/index.php\/wp-json\/wp\/v2\/types\/product"}],"replies":[{"embeddable":true,"href":"https:\/\/batai4u.lt\/index.php\/wp-json\/wp\/v2\/comments?post=2810"}],"wp:featuredmedia":[{"embeddable":true,"href":"https:\/\/batai4u.lt\/index.php\/wp-json\/wp\/v2\/media\/2820"}],"wp:attachment":[{"href":"https:\/\/batai4u.lt\/index.php\/wp-json\/wp\/v2\/media?parent=2810"}],"wp:term":[{"taxonomy":"product_brand","embeddable":true,"href":"https:\/\/batai4u.lt\/index.php\/wp-json\/wp\/v2\/product_brand?post=2810"},{"taxonomy":"product_cat","embeddable":true,"href":"https:\/\/batai4u.lt\/index.php\/wp-json\/wp\/v2\/product_cat?post=2810"},{"taxonomy":"product_tag","embeddable":true,"href":"https:\/\/batai4u.lt\/index.php\/wp-json\/wp\/v2\/product_tag?post=2810"}],"curies":[{"name":"wp","href":"https:\/\/api.w.org\/{rel}","templated":true}]}}