{"id":2928,"date":"2022-01-04T16:37:16","date_gmt":"2022-01-04T16:37:16","guid":{"rendered":"https:\/\/batai4u.lt\/?post_type=product&#038;p=2928"},"modified":"2024-10-08T14:53:32","modified_gmt":"2024-10-08T14:53:32","slug":"weestep-juodos-spalvos-su-salotinem-detalem-zieminiai-termo-batukai-su-vilna-berniukams","status":"publish","type":"product","link":"https:\/\/batai4u.lt\/index.php\/product\/weestep-juodos-spalvos-su-salotinem-detalem-zieminiai-termo-batukai-su-vilna-berniukams\/","title":{"rendered":"R928357866 WEESTEP juodos spalvos su salotin\u0117m detal\u0117m \u017eieminiai termo batukai su vilna 27-32D. berniukams"},"content":{"rendered":"<p>Vidpad\u017eio ilgis-<\/p>\n<ul>\n<li>27d-17,8cm<\/li>\n<li>28d-18,6cm<\/li>\n<li>29d-19,2cm<\/li>\n<li>30d-20cm<\/li>\n<li>31d-20,5cm<\/li>\n<li>32d-21,2cm<\/li>\n<\/ul>\n","protected":false},"excerpt":{"rendered":"<ol>\n<li>WEESTEP \u017eieminiai termo batai .Nat\u016brali vilna visame batuko viduje. NEPER\u0160LAMPAMI, lengvi ir \u0161ilti. Neslystantis SPEC padas.\u00a0 Su at\u0161vaitais. Lengvai nusiima ir u\u017esideda.<\/li>\n<\/ol>\n","protected":false},"featured_media":2911,"comment_status":"closed","ping_status":"closed","template":"","meta":[],"product_brand":[],"product_cat":[74],"product_tag":[91,92,93,94,114,83,115],"class_list":{"0":"post-2928","1":"product","2":"type-product","3":"status-publish","4":"has-post-thumbnail","6":"product_cat-berniukams-ziema","7":"product_tag-91","8":"product_tag-92","9":"product_tag-93","10":"product_tag-94","11":"product_tag-termo-batai","12":"product_tag-weestep","13":"product_tag-zieminiai","14":"futurio-has-gallery","16":"first","17":"instock","18":"shipping-taxable","19":"purchasable","20":"product-type-variable"},"yoast_head":"<!-- This site is optimized with the Yoast SEO plugin v27.3 - https:\/\/yoast.com\/product\/yoast-seo-wordpress\/ -->\n<title>R928357866 WEESTEP juodos spalvos su salotin\u0117m detal\u0117m \u017eieminiai termo batukai su vilna 27-32D. berniukams - Batai4u.lt<\/title>\n<meta name=\"robots\" content=\"index, follow, max-snippet:-1, max-image-preview:large, max-video-preview:-1\" \/>\n<link rel=\"canonical\" href=\"https:\/\/batai4u.lt\/index.php\/product\/weestep-juodos-spalvos-su-salotinem-detalem-zieminiai-termo-batukai-su-vilna-berniukams\/\" \/>\n<meta property=\"og:locale\" content=\"en_US\" \/>\n<meta property=\"og:type\" content=\"article\" \/>\n<meta property=\"og:title\" content=\"R928357866 WEESTEP juodos spalvos su salotin\u0117m detal\u0117m \u017eieminiai termo batukai su vilna 27-32D. berniukams - Batai4u.lt\" \/>\n<meta property=\"og:description\" content=\"WEESTEP \u017eieminiai termo batai .Nat\u016brali vilna visame batuko viduje. NEPER\u0160LAMPAMI, lengvi ir \u0161ilti. Neslystantis SPEC padas.\u00a0 Su at\u0161vaitais. Lengvai nusiima ir u\u017esideda.\" \/>\n<meta property=\"og:url\" content=\"https:\/\/batai4u.lt\/index.php\/product\/weestep-juodos-spalvos-su-salotinem-detalem-zieminiai-termo-batukai-su-vilna-berniukams\/\" \/>\n<meta property=\"og:site_name\" content=\"Batai4u.lt\" \/>\n<meta property=\"article:modified_time\" content=\"2024-10-08T14:53:32+00:00\" \/>\n<meta property=\"og:image\" content=\"https:\/\/batai4u.lt\/wp-content\/uploads\/2022\/01\/IMG_20211213_205307.jpg\" \/>\n\t<meta property=\"og:image:width\" content=\"1468\" \/>\n\t<meta property=\"og:image:height\" content=\"1823\" \/>\n\t<meta property=\"og:image:type\" content=\"image\/jpeg\" \/>\n<meta name=\"twitter:card\" content=\"summary_large_image\" \/>\n<script type=\"application\/ld+json\" class=\"yoast-schema-graph\">{\"@context\":\"https:\\\/\\\/schema.org\",\"@graph\":[{\"@type\":\"WebPage\",\"@id\":\"https:\\\/\\\/batai4u.lt\\\/index.php\\\/product\\\/weestep-juodos-spalvos-su-salotinem-detalem-zieminiai-termo-batukai-su-vilna-berniukams\\\/\",\"url\":\"https:\\\/\\\/batai4u.lt\\\/index.php\\\/product\\\/weestep-juodos-spalvos-su-salotinem-detalem-zieminiai-termo-batukai-su-vilna-berniukams\\\/\",\"name\":\"R928357866 WEESTEP juodos spalvos su salotin\u0117m detal\u0117m \u017eieminiai termo batukai su vilna 27-32D. berniukams - Batai4u.lt\",\"isPartOf\":{\"@id\":\"https:\\\/\\\/batai4u.lt\\\/#website\"},\"primaryImageOfPage\":{\"@id\":\"https:\\\/\\\/batai4u.lt\\\/index.php\\\/product\\\/weestep-juodos-spalvos-su-salotinem-detalem-zieminiai-termo-batukai-su-vilna-berniukams\\\/#primaryimage\"},\"image\":{\"@id\":\"https:\\\/\\\/batai4u.lt\\\/index.php\\\/product\\\/weestep-juodos-spalvos-su-salotinem-detalem-zieminiai-termo-batukai-su-vilna-berniukams\\\/#primaryimage\"},\"thumbnailUrl\":\"https:\\\/\\\/batai4u.lt\\\/wp-content\\\/uploads\\\/2022\\\/01\\\/IMG_20211213_205307.jpg\",\"datePublished\":\"2022-01-04T16:37:16+00:00\",\"dateModified\":\"2024-10-08T14:53:32+00:00\",\"breadcrumb\":{\"@id\":\"https:\\\/\\\/batai4u.lt\\\/index.php\\\/product\\\/weestep-juodos-spalvos-su-salotinem-detalem-zieminiai-termo-batukai-su-vilna-berniukams\\\/#breadcrumb\"},\"inLanguage\":\"en-US\",\"potentialAction\":[{\"@type\":\"ReadAction\",\"target\":[\"https:\\\/\\\/batai4u.lt\\\/index.php\\\/product\\\/weestep-juodos-spalvos-su-salotinem-detalem-zieminiai-termo-batukai-su-vilna-berniukams\\\/\"]}]},{\"@type\":\"ImageObject\",\"inLanguage\":\"en-US\",\"@id\":\"https:\\\/\\\/batai4u.lt\\\/index.php\\\/product\\\/weestep-juodos-spalvos-su-salotinem-detalem-zieminiai-termo-batukai-su-vilna-berniukams\\\/#primaryimage\",\"url\":\"https:\\\/\\\/batai4u.lt\\\/wp-content\\\/uploads\\\/2022\\\/01\\\/IMG_20211213_205307.jpg\",\"contentUrl\":\"https:\\\/\\\/batai4u.lt\\\/wp-content\\\/uploads\\\/2022\\\/01\\\/IMG_20211213_205307.jpg\",\"width\":1468,\"height\":1823},{\"@type\":\"BreadcrumbList\",\"@id\":\"https:\\\/\\\/batai4u.lt\\\/index.php\\\/product\\\/weestep-juodos-spalvos-su-salotinem-detalem-zieminiai-termo-batukai-su-vilna-berniukams\\\/#breadcrumb\",\"itemListElement\":[{\"@type\":\"ListItem\",\"position\":1,\"name\":\"Home\",\"item\":\"https:\\\/\\\/batai4u.lt\\\/\"},{\"@type\":\"ListItem\",\"position\":2,\"name\":\"Parduotuv\u0117\",\"item\":\"https:\\\/\\\/batai4u.lt\\\/index.php\\\/shop\\\/\"},{\"@type\":\"ListItem\",\"position\":3,\"name\":\"R928357866 WEESTEP juodos spalvos su salotin\u0117m detal\u0117m \u017eieminiai termo batukai su vilna 27-32D. berniukams\"}]},{\"@type\":\"WebSite\",\"@id\":\"https:\\\/\\\/batai4u.lt\\\/#website\",\"url\":\"https:\\\/\\\/batai4u.lt\\\/\",\"name\":\"Batai4u.lt\",\"description\":\"batai vaikams ir ne tik\",\"publisher\":{\"@id\":\"https:\\\/\\\/batai4u.lt\\\/#\\\/schema\\\/person\\\/8cc43a99285533a2c3e2c58a641f566a\"},\"potentialAction\":[{\"@type\":\"SearchAction\",\"target\":{\"@type\":\"EntryPoint\",\"urlTemplate\":\"https:\\\/\\\/batai4u.lt\\\/?s={search_term_string}\"},\"query-input\":{\"@type\":\"PropertyValueSpecification\",\"valueRequired\":true,\"valueName\":\"search_term_string\"}}],\"inLanguage\":\"en-US\"},{\"@type\":[\"Person\",\"Organization\"],\"@id\":\"https:\\\/\\\/batai4u.lt\\\/#\\\/schema\\\/person\\\/8cc43a99285533a2c3e2c58a641f566a\",\"name\":\"Erika Steponavi\u010dien\u0117\",\"image\":{\"@type\":\"ImageObject\",\"inLanguage\":\"en-US\",\"@id\":\"https:\\\/\\\/secure.gravatar.com\\\/avatar\\\/de70a9d8a8fae7160f42990935bcabb5f827c9e01e111e0bcd4d408af9ba954c?s=96&d=mm&r=g\",\"url\":\"https:\\\/\\\/secure.gravatar.com\\\/avatar\\\/de70a9d8a8fae7160f42990935bcabb5f827c9e01e111e0bcd4d408af9ba954c?s=96&d=mm&r=g\",\"contentUrl\":\"https:\\\/\\\/secure.gravatar.com\\\/avatar\\\/de70a9d8a8fae7160f42990935bcabb5f827c9e01e111e0bcd4d408af9ba954c?s=96&d=mm&r=g\",\"caption\":\"Erika Steponavi\u010dien\u0117\"},\"logo\":{\"@id\":\"https:\\\/\\\/secure.gravatar.com\\\/avatar\\\/de70a9d8a8fae7160f42990935bcabb5f827c9e01e111e0bcd4d408af9ba954c?s=96&d=mm&r=g\"},\"sameAs\":[\"http:\\\/\\\/batai4u.lt\"]}]}<\/script>\n<!-- \/ Yoast SEO plugin. -->","yoast_head_json":{"title":"R928357866 WEESTEP juodos spalvos su salotin\u0117m detal\u0117m \u017eieminiai termo batukai su vilna 27-32D. berniukams - Batai4u.lt","robots":{"index":"index","follow":"follow","max-snippet":"max-snippet:-1","max-image-preview":"max-image-preview:large","max-video-preview":"max-video-preview:-1"},"canonical":"https:\/\/batai4u.lt\/index.php\/product\/weestep-juodos-spalvos-su-salotinem-detalem-zieminiai-termo-batukai-su-vilna-berniukams\/","og_locale":"en_US","og_type":"article","og_title":"R928357866 WEESTEP juodos spalvos su salotin\u0117m detal\u0117m \u017eieminiai termo batukai su vilna 27-32D. berniukams - Batai4u.lt","og_description":"WEESTEP \u017eieminiai termo batai .Nat\u016brali vilna visame batuko viduje. NEPER\u0160LAMPAMI, lengvi ir \u0161ilti. Neslystantis SPEC padas.\u00a0 Su at\u0161vaitais. Lengvai nusiima ir u\u017esideda.","og_url":"https:\/\/batai4u.lt\/index.php\/product\/weestep-juodos-spalvos-su-salotinem-detalem-zieminiai-termo-batukai-su-vilna-berniukams\/","og_site_name":"Batai4u.lt","article_modified_time":"2024-10-08T14:53:32+00:00","og_image":[{"width":1468,"height":1823,"url":"https:\/\/batai4u.lt\/wp-content\/uploads\/2022\/01\/IMG_20211213_205307.jpg","type":"image\/jpeg"}],"twitter_card":"summary_large_image","schema":{"@context":"https:\/\/schema.org","@graph":[{"@type":"WebPage","@id":"https:\/\/batai4u.lt\/index.php\/product\/weestep-juodos-spalvos-su-salotinem-detalem-zieminiai-termo-batukai-su-vilna-berniukams\/","url":"https:\/\/batai4u.lt\/index.php\/product\/weestep-juodos-spalvos-su-salotinem-detalem-zieminiai-termo-batukai-su-vilna-berniukams\/","name":"R928357866 WEESTEP juodos spalvos su salotin\u0117m detal\u0117m \u017eieminiai termo batukai su vilna 27-32D. berniukams - Batai4u.lt","isPartOf":{"@id":"https:\/\/batai4u.lt\/#website"},"primaryImageOfPage":{"@id":"https:\/\/batai4u.lt\/index.php\/product\/weestep-juodos-spalvos-su-salotinem-detalem-zieminiai-termo-batukai-su-vilna-berniukams\/#primaryimage"},"image":{"@id":"https:\/\/batai4u.lt\/index.php\/product\/weestep-juodos-spalvos-su-salotinem-detalem-zieminiai-termo-batukai-su-vilna-berniukams\/#primaryimage"},"thumbnailUrl":"https:\/\/batai4u.lt\/wp-content\/uploads\/2022\/01\/IMG_20211213_205307.jpg","datePublished":"2022-01-04T16:37:16+00:00","dateModified":"2024-10-08T14:53:32+00:00","breadcrumb":{"@id":"https:\/\/batai4u.lt\/index.php\/product\/weestep-juodos-spalvos-su-salotinem-detalem-zieminiai-termo-batukai-su-vilna-berniukams\/#breadcrumb"},"inLanguage":"en-US","potentialAction":[{"@type":"ReadAction","target":["https:\/\/batai4u.lt\/index.php\/product\/weestep-juodos-spalvos-su-salotinem-detalem-zieminiai-termo-batukai-su-vilna-berniukams\/"]}]},{"@type":"ImageObject","inLanguage":"en-US","@id":"https:\/\/batai4u.lt\/index.php\/product\/weestep-juodos-spalvos-su-salotinem-detalem-zieminiai-termo-batukai-su-vilna-berniukams\/#primaryimage","url":"https:\/\/batai4u.lt\/wp-content\/uploads\/2022\/01\/IMG_20211213_205307.jpg","contentUrl":"https:\/\/batai4u.lt\/wp-content\/uploads\/2022\/01\/IMG_20211213_205307.jpg","width":1468,"height":1823},{"@type":"BreadcrumbList","@id":"https:\/\/batai4u.lt\/index.php\/product\/weestep-juodos-spalvos-su-salotinem-detalem-zieminiai-termo-batukai-su-vilna-berniukams\/#breadcrumb","itemListElement":[{"@type":"ListItem","position":1,"name":"Home","item":"https:\/\/batai4u.lt\/"},{"@type":"ListItem","position":2,"name":"Parduotuv\u0117","item":"https:\/\/batai4u.lt\/index.php\/shop\/"},{"@type":"ListItem","position":3,"name":"R928357866 WEESTEP juodos spalvos su salotin\u0117m detal\u0117m \u017eieminiai termo batukai su vilna 27-32D. berniukams"}]},{"@type":"WebSite","@id":"https:\/\/batai4u.lt\/#website","url":"https:\/\/batai4u.lt\/","name":"Batai4u.lt","description":"batai vaikams ir ne tik","publisher":{"@id":"https:\/\/batai4u.lt\/#\/schema\/person\/8cc43a99285533a2c3e2c58a641f566a"},"potentialAction":[{"@type":"SearchAction","target":{"@type":"EntryPoint","urlTemplate":"https:\/\/batai4u.lt\/?s={search_term_string}"},"query-input":{"@type":"PropertyValueSpecification","valueRequired":true,"valueName":"search_term_string"}}],"inLanguage":"en-US"},{"@type":["Person","Organization"],"@id":"https:\/\/batai4u.lt\/#\/schema\/person\/8cc43a99285533a2c3e2c58a641f566a","name":"Erika Steponavi\u010dien\u0117","image":{"@type":"ImageObject","inLanguage":"en-US","@id":"https:\/\/secure.gravatar.com\/avatar\/de70a9d8a8fae7160f42990935bcabb5f827c9e01e111e0bcd4d408af9ba954c?s=96&d=mm&r=g","url":"https:\/\/secure.gravatar.com\/avatar\/de70a9d8a8fae7160f42990935bcabb5f827c9e01e111e0bcd4d408af9ba954c?s=96&d=mm&r=g","contentUrl":"https:\/\/secure.gravatar.com\/avatar\/de70a9d8a8fae7160f42990935bcabb5f827c9e01e111e0bcd4d408af9ba954c?s=96&d=mm&r=g","caption":"Erika Steponavi\u010dien\u0117"},"logo":{"@id":"https:\/\/secure.gravatar.com\/avatar\/de70a9d8a8fae7160f42990935bcabb5f827c9e01e111e0bcd4d408af9ba954c?s=96&d=mm&r=g"},"sameAs":["http:\/\/batai4u.lt"]}]}},"jetpack_sharing_enabled":true,"_links":{"self":[{"href":"https:\/\/batai4u.lt\/index.php\/wp-json\/wp\/v2\/product\/2928","targetHints":{"allow":["GET"]}}],"collection":[{"href":"https:\/\/batai4u.lt\/index.php\/wp-json\/wp\/v2\/product"}],"about":[{"href":"https:\/\/batai4u.lt\/index.php\/wp-json\/wp\/v2\/types\/product"}],"replies":[{"embeddable":true,"href":"https:\/\/batai4u.lt\/index.php\/wp-json\/wp\/v2\/comments?post=2928"}],"wp:featuredmedia":[{"embeddable":true,"href":"https:\/\/batai4u.lt\/index.php\/wp-json\/wp\/v2\/media\/2911"}],"wp:attachment":[{"href":"https:\/\/batai4u.lt\/index.php\/wp-json\/wp\/v2\/media?parent=2928"}],"wp:term":[{"taxonomy":"product_brand","embeddable":true,"href":"https:\/\/batai4u.lt\/index.php\/wp-json\/wp\/v2\/product_brand?post=2928"},{"taxonomy":"product_cat","embeddable":true,"href":"https:\/\/batai4u.lt\/index.php\/wp-json\/wp\/v2\/product_cat?post=2928"},{"taxonomy":"product_tag","embeddable":true,"href":"https:\/\/batai4u.lt\/index.php\/wp-json\/wp\/v2\/product_tag?post=2928"}],"curies":[{"name":"wp","href":"https:\/\/api.w.org\/{rel}","templated":true}]}}