{"id":3733,"date":"2022-10-10T09:03:43","date_gmt":"2022-10-10T09:03:43","guid":{"rendered":"https:\/\/batai4u.lt\/?post_type=product&#038;p=3733"},"modified":"2024-10-09T14:51:17","modified_gmt":"2024-10-09T14:51:17","slug":"weestep-aulinukai-mergaitems-su-pasiltinimu","status":"publish","type":"product","link":"https:\/\/batai4u.lt\/index.php\/product\/weestep-aulinukai-mergaitems-su-pasiltinimu\/","title":{"rendered":"R553255746 WEESTEP demisezoniniai aulinukai mergait\u0117ms 27-32d"},"content":{"rendered":"<p>Vidpad\u017eio ilgis<\/p>\n<ul>\n<li>27d-17,5cm<\/li>\n<li>28d-18cm<\/li>\n<li>29d-18,7cm<\/li>\n<li>30d-19,5cm<\/li>\n<li>31d-20cm<\/li>\n<li>32d-20,7cm<\/li>\n<\/ul>\n","protected":false},"excerpt":{"rendered":"<blockquote>\n<ul>\n<li><!--more-->WEESTEP ortopediniai odiniai rudeniniai Aulinukai.\u00a0 Su supinatorium, kieta u\u017ekulne ..\u00a0 Auk\u0161tos kokyb\u0117s. Pilnai pa\u0161iltinti viduje . Su u\u017etrauktuku ir lipukais.<br \/>\nYpa\u010d lengvai nusiima ir u\u017esideda. Lankstus padas, mink\u0161ti batai. Tinka ir pla\u010diom kojyt\u0117m. Matavimai sura\u0161yti. Vandeniui atspar\u016bs.<\/li>\n<\/ul>\n<\/blockquote>\n","protected":false},"featured_media":2378,"comment_status":"closed","ping_status":"closed","template":"","meta":[],"product_brand":[],"product_cat":[59],"product_tag":[91,92,93,95,82,83],"class_list":{"0":"post-3733","1":"product","2":"type-product","3":"status-publish","4":"has-post-thumbnail","6":"product_cat-mergaiteme-ruduo-pavasaris","7":"product_tag-91","8":"product_tag-92","9":"product_tag-93","10":"product_tag-95","11":"product_tag-demisezoniniai","12":"product_tag-weestep","13":"futurio-has-gallery","15":"first","16":"instock","17":"shipping-taxable","18":"purchasable","19":"product-type-variable","20":"has-default-attributes"},"yoast_head":"<!-- This site is optimized with the Yoast SEO plugin v27.5 - https:\/\/yoast.com\/product\/yoast-seo-wordpress\/ -->\n<title>R553255746 WEESTEP demisezoniniai aulinukai mergait\u0117ms 27-32d - Batai4u.lt<\/title>\n<meta name=\"robots\" content=\"index, follow, max-snippet:-1, max-image-preview:large, max-video-preview:-1\" \/>\n<link rel=\"canonical\" href=\"https:\/\/batai4u.lt\/index.php\/product\/weestep-aulinukai-mergaitems-su-pasiltinimu\/\" \/>\n<meta property=\"og:locale\" content=\"en_US\" \/>\n<meta property=\"og:type\" content=\"article\" \/>\n<meta property=\"og:title\" content=\"R553255746 WEESTEP demisezoniniai aulinukai mergait\u0117ms 27-32d - Batai4u.lt\" \/>\n<meta property=\"og:description\" content=\"WEESTEP ortopediniai odiniai rudeniniai Aulinukai.\u00a0 Su supinatorium, kieta u\u017ekulne ..\u00a0 Auk\u0161tos kokyb\u0117s. Pilnai pa\u0161iltinti viduje . Su u\u017etrauktuku ir lipukais. Ypa\u010d lengvai nusiima ir u\u017esideda. Lankstus padas, mink\u0161ti batai. Tinka ir pla\u010diom kojyt\u0117m. Matavimai sura\u0161yti. Vandeniui atspar\u016bs.\" \/>\n<meta property=\"og:url\" content=\"https:\/\/batai4u.lt\/index.php\/product\/weestep-aulinukai-mergaitems-su-pasiltinimu\/\" \/>\n<meta property=\"og:site_name\" content=\"Batai4u.lt\" \/>\n<meta property=\"article:modified_time\" content=\"2024-10-09T14:51:17+00:00\" \/>\n<meta property=\"og:image\" content=\"https:\/\/batai4u.lt\/wp-content\/uploads\/2021\/09\/IMG_20210906_201335-scaled.jpg\" \/>\n\t<meta property=\"og:image:width\" content=\"1152\" \/>\n\t<meta property=\"og:image:height\" content=\"2560\" \/>\n\t<meta property=\"og:image:type\" content=\"image\/jpeg\" \/>\n<meta name=\"twitter:card\" content=\"summary_large_image\" \/>\n<script type=\"application\/ld+json\" class=\"yoast-schema-graph\">{\"@context\":\"https:\\\/\\\/schema.org\",\"@graph\":[{\"@type\":\"WebPage\",\"@id\":\"https:\\\/\\\/batai4u.lt\\\/index.php\\\/product\\\/weestep-aulinukai-mergaitems-su-pasiltinimu\\\/\",\"url\":\"https:\\\/\\\/batai4u.lt\\\/index.php\\\/product\\\/weestep-aulinukai-mergaitems-su-pasiltinimu\\\/\",\"name\":\"R553255746 WEESTEP demisezoniniai aulinukai mergait\u0117ms 27-32d - Batai4u.lt\",\"isPartOf\":{\"@id\":\"https:\\\/\\\/batai4u.lt\\\/#website\"},\"primaryImageOfPage\":{\"@id\":\"https:\\\/\\\/batai4u.lt\\\/index.php\\\/product\\\/weestep-aulinukai-mergaitems-su-pasiltinimu\\\/#primaryimage\"},\"image\":{\"@id\":\"https:\\\/\\\/batai4u.lt\\\/index.php\\\/product\\\/weestep-aulinukai-mergaitems-su-pasiltinimu\\\/#primaryimage\"},\"thumbnailUrl\":\"https:\\\/\\\/batai4u.lt\\\/wp-content\\\/uploads\\\/2021\\\/09\\\/IMG_20210906_201335-scaled.jpg\",\"datePublished\":\"2022-10-10T09:03:43+00:00\",\"dateModified\":\"2024-10-09T14:51:17+00:00\",\"breadcrumb\":{\"@id\":\"https:\\\/\\\/batai4u.lt\\\/index.php\\\/product\\\/weestep-aulinukai-mergaitems-su-pasiltinimu\\\/#breadcrumb\"},\"inLanguage\":\"en-US\",\"potentialAction\":[{\"@type\":\"ReadAction\",\"target\":[\"https:\\\/\\\/batai4u.lt\\\/index.php\\\/product\\\/weestep-aulinukai-mergaitems-su-pasiltinimu\\\/\"]}]},{\"@type\":\"ImageObject\",\"inLanguage\":\"en-US\",\"@id\":\"https:\\\/\\\/batai4u.lt\\\/index.php\\\/product\\\/weestep-aulinukai-mergaitems-su-pasiltinimu\\\/#primaryimage\",\"url\":\"https:\\\/\\\/batai4u.lt\\\/wp-content\\\/uploads\\\/2021\\\/09\\\/IMG_20210906_201335-scaled.jpg\",\"contentUrl\":\"https:\\\/\\\/batai4u.lt\\\/wp-content\\\/uploads\\\/2021\\\/09\\\/IMG_20210906_201335-scaled.jpg\",\"width\":1152,\"height\":2560},{\"@type\":\"BreadcrumbList\",\"@id\":\"https:\\\/\\\/batai4u.lt\\\/index.php\\\/product\\\/weestep-aulinukai-mergaitems-su-pasiltinimu\\\/#breadcrumb\",\"itemListElement\":[{\"@type\":\"ListItem\",\"position\":1,\"name\":\"Home\",\"item\":\"https:\\\/\\\/batai4u.lt\\\/\"},{\"@type\":\"ListItem\",\"position\":2,\"name\":\"Parduotuv\u0117\",\"item\":\"https:\\\/\\\/batai4u.lt\\\/index.php\\\/shop\\\/\"},{\"@type\":\"ListItem\",\"position\":3,\"name\":\"R553255746 WEESTEP demisezoniniai aulinukai mergait\u0117ms 27-32d\"}]},{\"@type\":\"WebSite\",\"@id\":\"https:\\\/\\\/batai4u.lt\\\/#website\",\"url\":\"https:\\\/\\\/batai4u.lt\\\/\",\"name\":\"Batai4u.lt\",\"description\":\"batai vaikams ir ne tik\",\"publisher\":{\"@id\":\"https:\\\/\\\/batai4u.lt\\\/#\\\/schema\\\/person\\\/8cc43a99285533a2c3e2c58a641f566a\"},\"potentialAction\":[{\"@type\":\"SearchAction\",\"target\":{\"@type\":\"EntryPoint\",\"urlTemplate\":\"https:\\\/\\\/batai4u.lt\\\/?s={search_term_string}\"},\"query-input\":{\"@type\":\"PropertyValueSpecification\",\"valueRequired\":true,\"valueName\":\"search_term_string\"}}],\"inLanguage\":\"en-US\"},{\"@type\":[\"Person\",\"Organization\"],\"@id\":\"https:\\\/\\\/batai4u.lt\\\/#\\\/schema\\\/person\\\/8cc43a99285533a2c3e2c58a641f566a\",\"name\":\"Erika Steponavi\u010dien\u0117\",\"image\":{\"@type\":\"ImageObject\",\"inLanguage\":\"en-US\",\"@id\":\"https:\\\/\\\/secure.gravatar.com\\\/avatar\\\/de70a9d8a8fae7160f42990935bcabb5f827c9e01e111e0bcd4d408af9ba954c?s=96&d=mm&r=g\",\"url\":\"https:\\\/\\\/secure.gravatar.com\\\/avatar\\\/de70a9d8a8fae7160f42990935bcabb5f827c9e01e111e0bcd4d408af9ba954c?s=96&d=mm&r=g\",\"contentUrl\":\"https:\\\/\\\/secure.gravatar.com\\\/avatar\\\/de70a9d8a8fae7160f42990935bcabb5f827c9e01e111e0bcd4d408af9ba954c?s=96&d=mm&r=g\",\"caption\":\"Erika Steponavi\u010dien\u0117\"},\"logo\":{\"@id\":\"https:\\\/\\\/secure.gravatar.com\\\/avatar\\\/de70a9d8a8fae7160f42990935bcabb5f827c9e01e111e0bcd4d408af9ba954c?s=96&d=mm&r=g\"},\"sameAs\":[\"http:\\\/\\\/batai4u.lt\"]}]}<\/script>\n<!-- \/ Yoast SEO plugin. -->","yoast_head_json":{"title":"R553255746 WEESTEP demisezoniniai aulinukai mergait\u0117ms 27-32d - Batai4u.lt","robots":{"index":"index","follow":"follow","max-snippet":"max-snippet:-1","max-image-preview":"max-image-preview:large","max-video-preview":"max-video-preview:-1"},"canonical":"https:\/\/batai4u.lt\/index.php\/product\/weestep-aulinukai-mergaitems-su-pasiltinimu\/","og_locale":"en_US","og_type":"article","og_title":"R553255746 WEESTEP demisezoniniai aulinukai mergait\u0117ms 27-32d - Batai4u.lt","og_description":"WEESTEP ortopediniai odiniai rudeniniai Aulinukai.\u00a0 Su supinatorium, kieta u\u017ekulne ..\u00a0 Auk\u0161tos kokyb\u0117s. Pilnai pa\u0161iltinti viduje . Su u\u017etrauktuku ir lipukais. Ypa\u010d lengvai nusiima ir u\u017esideda. Lankstus padas, mink\u0161ti batai. Tinka ir pla\u010diom kojyt\u0117m. Matavimai sura\u0161yti. Vandeniui atspar\u016bs.","og_url":"https:\/\/batai4u.lt\/index.php\/product\/weestep-aulinukai-mergaitems-su-pasiltinimu\/","og_site_name":"Batai4u.lt","article_modified_time":"2024-10-09T14:51:17+00:00","og_image":[{"width":1152,"height":2560,"url":"https:\/\/batai4u.lt\/wp-content\/uploads\/2021\/09\/IMG_20210906_201335-scaled.jpg","type":"image\/jpeg"}],"twitter_card":"summary_large_image","schema":{"@context":"https:\/\/schema.org","@graph":[{"@type":"WebPage","@id":"https:\/\/batai4u.lt\/index.php\/product\/weestep-aulinukai-mergaitems-su-pasiltinimu\/","url":"https:\/\/batai4u.lt\/index.php\/product\/weestep-aulinukai-mergaitems-su-pasiltinimu\/","name":"R553255746 WEESTEP demisezoniniai aulinukai mergait\u0117ms 27-32d - Batai4u.lt","isPartOf":{"@id":"https:\/\/batai4u.lt\/#website"},"primaryImageOfPage":{"@id":"https:\/\/batai4u.lt\/index.php\/product\/weestep-aulinukai-mergaitems-su-pasiltinimu\/#primaryimage"},"image":{"@id":"https:\/\/batai4u.lt\/index.php\/product\/weestep-aulinukai-mergaitems-su-pasiltinimu\/#primaryimage"},"thumbnailUrl":"https:\/\/batai4u.lt\/wp-content\/uploads\/2021\/09\/IMG_20210906_201335-scaled.jpg","datePublished":"2022-10-10T09:03:43+00:00","dateModified":"2024-10-09T14:51:17+00:00","breadcrumb":{"@id":"https:\/\/batai4u.lt\/index.php\/product\/weestep-aulinukai-mergaitems-su-pasiltinimu\/#breadcrumb"},"inLanguage":"en-US","potentialAction":[{"@type":"ReadAction","target":["https:\/\/batai4u.lt\/index.php\/product\/weestep-aulinukai-mergaitems-su-pasiltinimu\/"]}]},{"@type":"ImageObject","inLanguage":"en-US","@id":"https:\/\/batai4u.lt\/index.php\/product\/weestep-aulinukai-mergaitems-su-pasiltinimu\/#primaryimage","url":"https:\/\/batai4u.lt\/wp-content\/uploads\/2021\/09\/IMG_20210906_201335-scaled.jpg","contentUrl":"https:\/\/batai4u.lt\/wp-content\/uploads\/2021\/09\/IMG_20210906_201335-scaled.jpg","width":1152,"height":2560},{"@type":"BreadcrumbList","@id":"https:\/\/batai4u.lt\/index.php\/product\/weestep-aulinukai-mergaitems-su-pasiltinimu\/#breadcrumb","itemListElement":[{"@type":"ListItem","position":1,"name":"Home","item":"https:\/\/batai4u.lt\/"},{"@type":"ListItem","position":2,"name":"Parduotuv\u0117","item":"https:\/\/batai4u.lt\/index.php\/shop\/"},{"@type":"ListItem","position":3,"name":"R553255746 WEESTEP demisezoniniai aulinukai mergait\u0117ms 27-32d"}]},{"@type":"WebSite","@id":"https:\/\/batai4u.lt\/#website","url":"https:\/\/batai4u.lt\/","name":"Batai4u.lt","description":"batai vaikams ir ne tik","publisher":{"@id":"https:\/\/batai4u.lt\/#\/schema\/person\/8cc43a99285533a2c3e2c58a641f566a"},"potentialAction":[{"@type":"SearchAction","target":{"@type":"EntryPoint","urlTemplate":"https:\/\/batai4u.lt\/?s={search_term_string}"},"query-input":{"@type":"PropertyValueSpecification","valueRequired":true,"valueName":"search_term_string"}}],"inLanguage":"en-US"},{"@type":["Person","Organization"],"@id":"https:\/\/batai4u.lt\/#\/schema\/person\/8cc43a99285533a2c3e2c58a641f566a","name":"Erika Steponavi\u010dien\u0117","image":{"@type":"ImageObject","inLanguage":"en-US","@id":"https:\/\/secure.gravatar.com\/avatar\/de70a9d8a8fae7160f42990935bcabb5f827c9e01e111e0bcd4d408af9ba954c?s=96&d=mm&r=g","url":"https:\/\/secure.gravatar.com\/avatar\/de70a9d8a8fae7160f42990935bcabb5f827c9e01e111e0bcd4d408af9ba954c?s=96&d=mm&r=g","contentUrl":"https:\/\/secure.gravatar.com\/avatar\/de70a9d8a8fae7160f42990935bcabb5f827c9e01e111e0bcd4d408af9ba954c?s=96&d=mm&r=g","caption":"Erika Steponavi\u010dien\u0117"},"logo":{"@id":"https:\/\/secure.gravatar.com\/avatar\/de70a9d8a8fae7160f42990935bcabb5f827c9e01e111e0bcd4d408af9ba954c?s=96&d=mm&r=g"},"sameAs":["http:\/\/batai4u.lt"]}]}},"jetpack_sharing_enabled":true,"_links":{"self":[{"href":"https:\/\/batai4u.lt\/index.php\/wp-json\/wp\/v2\/product\/3733","targetHints":{"allow":["GET"]}}],"collection":[{"href":"https:\/\/batai4u.lt\/index.php\/wp-json\/wp\/v2\/product"}],"about":[{"href":"https:\/\/batai4u.lt\/index.php\/wp-json\/wp\/v2\/types\/product"}],"replies":[{"embeddable":true,"href":"https:\/\/batai4u.lt\/index.php\/wp-json\/wp\/v2\/comments?post=3733"}],"wp:featuredmedia":[{"embeddable":true,"href":"https:\/\/batai4u.lt\/index.php\/wp-json\/wp\/v2\/media\/2378"}],"wp:attachment":[{"href":"https:\/\/batai4u.lt\/index.php\/wp-json\/wp\/v2\/media?parent=3733"}],"wp:term":[{"taxonomy":"product_brand","embeddable":true,"href":"https:\/\/batai4u.lt\/index.php\/wp-json\/wp\/v2\/product_brand?post=3733"},{"taxonomy":"product_cat","embeddable":true,"href":"https:\/\/batai4u.lt\/index.php\/wp-json\/wp\/v2\/product_cat?post=3733"},{"taxonomy":"product_tag","embeddable":true,"href":"https:\/\/batai4u.lt\/index.php\/wp-json\/wp\/v2\/product_tag?post=3733"}],"curies":[{"name":"wp","href":"https:\/\/api.w.org\/{rel}","templated":true}]}}