{"id":4316,"date":"2024-02-14T13:02:42","date_gmt":"2024-02-14T13:02:42","guid":{"rendered":"https:\/\/batai4u.lt\/?post_type=product&#038;p=4316"},"modified":"2024-10-06T17:27:11","modified_gmt":"2024-10-06T17:27:11","slug":"r396550853-weestep-atsvaitines-basutes","status":"publish","type":"product","link":"https:\/\/batai4u.lt\/index.php\/product\/r396550853-weestep-atsvaitines-basutes\/","title":{"rendered":"R396550853 Weestep at\u0161vaitin\u0117s basut\u0117s 26-31d (Liko 28d)"},"content":{"rendered":"<ul>\n<li>26d-17,1cm<\/li>\n<li>27d-17,6cm<\/li>\n<li>28d-18,3cm<\/li>\n<li>29d-18,9cm<\/li>\n<li>30d-19,5cm<\/li>\n<li>31d-20cm<\/li>\n<\/ul>\n","protected":false},"excerpt":{"rendered":"<p>WEESTEP ortopedin\u0117s ( su supinatorium) ODIN\u0116S basut\u0117s mergaitei. Reguliuojasi lipukais. Basut\u0117s at\u0161vaitin\u0117s. Paskutin\u0117 foto tamsoj.<\/p>\n","protected":false},"featured_media":4263,"comment_status":"closed","ping_status":"closed","template":"","meta":[],"product_brand":[],"product_cat":[79],"product_tag":[91,106,105,83],"class_list":{"0":"post-4316","1":"product","2":"type-product","3":"status-publish","4":"has-post-thumbnail","6":"product_cat-mergaitems-basutes","7":"product_tag-91","8":"product_tag-atviros-basutes","9":"product_tag-basutes","10":"product_tag-weestep","11":"futurio-has-gallery","13":"first","14":"instock","15":"sale","16":"shipping-taxable","17":"product-type-variable"},"yoast_head":"<!-- This site is optimized with the Yoast SEO plugin v27.5 - https:\/\/yoast.com\/product\/yoast-seo-wordpress\/ -->\n<title>R396550853 Weestep at\u0161vaitin\u0117s basut\u0117s 26-31d (Liko 28d) - Batai4u.lt<\/title>\n<meta name=\"robots\" content=\"index, follow, max-snippet:-1, max-image-preview:large, max-video-preview:-1\" \/>\n<link rel=\"canonical\" href=\"https:\/\/batai4u.lt\/index.php\/product\/r396550853-weestep-atsvaitines-basutes\/\" \/>\n<meta property=\"og:locale\" content=\"en_US\" \/>\n<meta property=\"og:type\" content=\"article\" \/>\n<meta property=\"og:title\" content=\"R396550853 Weestep at\u0161vaitin\u0117s basut\u0117s 26-31d (Liko 28d) - Batai4u.lt\" \/>\n<meta property=\"og:description\" content=\"WEESTEP ortopedin\u0117s ( su supinatorium) ODIN\u0116S basut\u0117s mergaitei. Reguliuojasi lipukais. Basut\u0117s at\u0161vaitin\u0117s. Paskutin\u0117 foto tamsoj.\" \/>\n<meta property=\"og:url\" content=\"https:\/\/batai4u.lt\/index.php\/product\/r396550853-weestep-atsvaitines-basutes\/\" \/>\n<meta property=\"og:site_name\" content=\"Batai4u.lt\" \/>\n<meta property=\"article:modified_time\" content=\"2024-10-06T17:27:11+00:00\" \/>\n<meta property=\"og:image\" content=\"https:\/\/batai4u.lt\/wp-content\/uploads\/2024\/02\/20240208_163823.png\" \/>\n\t<meta property=\"og:image:width\" content=\"1443\" \/>\n\t<meta property=\"og:image:height\" content=\"1788\" \/>\n\t<meta property=\"og:image:type\" content=\"image\/png\" \/>\n<meta name=\"twitter:card\" content=\"summary_large_image\" \/>\n<script type=\"application\/ld+json\" class=\"yoast-schema-graph\">{\"@context\":\"https:\\\/\\\/schema.org\",\"@graph\":[{\"@type\":\"WebPage\",\"@id\":\"https:\\\/\\\/batai4u.lt\\\/index.php\\\/product\\\/r396550853-weestep-atsvaitines-basutes\\\/\",\"url\":\"https:\\\/\\\/batai4u.lt\\\/index.php\\\/product\\\/r396550853-weestep-atsvaitines-basutes\\\/\",\"name\":\"R396550853 Weestep at\u0161vaitin\u0117s basut\u0117s 26-31d (Liko 28d) - Batai4u.lt\",\"isPartOf\":{\"@id\":\"https:\\\/\\\/batai4u.lt\\\/#website\"},\"primaryImageOfPage\":{\"@id\":\"https:\\\/\\\/batai4u.lt\\\/index.php\\\/product\\\/r396550853-weestep-atsvaitines-basutes\\\/#primaryimage\"},\"image\":{\"@id\":\"https:\\\/\\\/batai4u.lt\\\/index.php\\\/product\\\/r396550853-weestep-atsvaitines-basutes\\\/#primaryimage\"},\"thumbnailUrl\":\"https:\\\/\\\/batai4u.lt\\\/wp-content\\\/uploads\\\/2024\\\/02\\\/20240208_163823.png\",\"datePublished\":\"2024-02-14T13:02:42+00:00\",\"dateModified\":\"2024-10-06T17:27:11+00:00\",\"breadcrumb\":{\"@id\":\"https:\\\/\\\/batai4u.lt\\\/index.php\\\/product\\\/r396550853-weestep-atsvaitines-basutes\\\/#breadcrumb\"},\"inLanguage\":\"en-US\",\"potentialAction\":[{\"@type\":\"ReadAction\",\"target\":[\"https:\\\/\\\/batai4u.lt\\\/index.php\\\/product\\\/r396550853-weestep-atsvaitines-basutes\\\/\"]}]},{\"@type\":\"ImageObject\",\"inLanguage\":\"en-US\",\"@id\":\"https:\\\/\\\/batai4u.lt\\\/index.php\\\/product\\\/r396550853-weestep-atsvaitines-basutes\\\/#primaryimage\",\"url\":\"https:\\\/\\\/batai4u.lt\\\/wp-content\\\/uploads\\\/2024\\\/02\\\/20240208_163823.png\",\"contentUrl\":\"https:\\\/\\\/batai4u.lt\\\/wp-content\\\/uploads\\\/2024\\\/02\\\/20240208_163823.png\",\"width\":1443,\"height\":1788},{\"@type\":\"BreadcrumbList\",\"@id\":\"https:\\\/\\\/batai4u.lt\\\/index.php\\\/product\\\/r396550853-weestep-atsvaitines-basutes\\\/#breadcrumb\",\"itemListElement\":[{\"@type\":\"ListItem\",\"position\":1,\"name\":\"Home\",\"item\":\"https:\\\/\\\/batai4u.lt\\\/\"},{\"@type\":\"ListItem\",\"position\":2,\"name\":\"Parduotuv\u0117\",\"item\":\"https:\\\/\\\/batai4u.lt\\\/index.php\\\/shop\\\/\"},{\"@type\":\"ListItem\",\"position\":3,\"name\":\"R396550853 Weestep at\u0161vaitin\u0117s basut\u0117s 26-31d (Liko 28d)\"}]},{\"@type\":\"WebSite\",\"@id\":\"https:\\\/\\\/batai4u.lt\\\/#website\",\"url\":\"https:\\\/\\\/batai4u.lt\\\/\",\"name\":\"Batai4u.lt\",\"description\":\"batai vaikams ir ne tik\",\"publisher\":{\"@id\":\"https:\\\/\\\/batai4u.lt\\\/#\\\/schema\\\/person\\\/8cc43a99285533a2c3e2c58a641f566a\"},\"potentialAction\":[{\"@type\":\"SearchAction\",\"target\":{\"@type\":\"EntryPoint\",\"urlTemplate\":\"https:\\\/\\\/batai4u.lt\\\/?s={search_term_string}\"},\"query-input\":{\"@type\":\"PropertyValueSpecification\",\"valueRequired\":true,\"valueName\":\"search_term_string\"}}],\"inLanguage\":\"en-US\"},{\"@type\":[\"Person\",\"Organization\"],\"@id\":\"https:\\\/\\\/batai4u.lt\\\/#\\\/schema\\\/person\\\/8cc43a99285533a2c3e2c58a641f566a\",\"name\":\"Erika Steponavi\u010dien\u0117\",\"image\":{\"@type\":\"ImageObject\",\"inLanguage\":\"en-US\",\"@id\":\"https:\\\/\\\/secure.gravatar.com\\\/avatar\\\/de70a9d8a8fae7160f42990935bcabb5f827c9e01e111e0bcd4d408af9ba954c?s=96&d=mm&r=g\",\"url\":\"https:\\\/\\\/secure.gravatar.com\\\/avatar\\\/de70a9d8a8fae7160f42990935bcabb5f827c9e01e111e0bcd4d408af9ba954c?s=96&d=mm&r=g\",\"contentUrl\":\"https:\\\/\\\/secure.gravatar.com\\\/avatar\\\/de70a9d8a8fae7160f42990935bcabb5f827c9e01e111e0bcd4d408af9ba954c?s=96&d=mm&r=g\",\"caption\":\"Erika Steponavi\u010dien\u0117\"},\"logo\":{\"@id\":\"https:\\\/\\\/secure.gravatar.com\\\/avatar\\\/de70a9d8a8fae7160f42990935bcabb5f827c9e01e111e0bcd4d408af9ba954c?s=96&d=mm&r=g\"},\"sameAs\":[\"http:\\\/\\\/batai4u.lt\"]}]}<\/script>\n<!-- \/ Yoast SEO plugin. -->","yoast_head_json":{"title":"R396550853 Weestep at\u0161vaitin\u0117s basut\u0117s 26-31d (Liko 28d) - Batai4u.lt","robots":{"index":"index","follow":"follow","max-snippet":"max-snippet:-1","max-image-preview":"max-image-preview:large","max-video-preview":"max-video-preview:-1"},"canonical":"https:\/\/batai4u.lt\/index.php\/product\/r396550853-weestep-atsvaitines-basutes\/","og_locale":"en_US","og_type":"article","og_title":"R396550853 Weestep at\u0161vaitin\u0117s basut\u0117s 26-31d (Liko 28d) - Batai4u.lt","og_description":"WEESTEP ortopedin\u0117s ( su supinatorium) ODIN\u0116S basut\u0117s mergaitei. Reguliuojasi lipukais. Basut\u0117s at\u0161vaitin\u0117s. Paskutin\u0117 foto tamsoj.","og_url":"https:\/\/batai4u.lt\/index.php\/product\/r396550853-weestep-atsvaitines-basutes\/","og_site_name":"Batai4u.lt","article_modified_time":"2024-10-06T17:27:11+00:00","og_image":[{"width":1443,"height":1788,"url":"https:\/\/batai4u.lt\/wp-content\/uploads\/2024\/02\/20240208_163823.png","type":"image\/png"}],"twitter_card":"summary_large_image","schema":{"@context":"https:\/\/schema.org","@graph":[{"@type":"WebPage","@id":"https:\/\/batai4u.lt\/index.php\/product\/r396550853-weestep-atsvaitines-basutes\/","url":"https:\/\/batai4u.lt\/index.php\/product\/r396550853-weestep-atsvaitines-basutes\/","name":"R396550853 Weestep at\u0161vaitin\u0117s basut\u0117s 26-31d (Liko 28d) - Batai4u.lt","isPartOf":{"@id":"https:\/\/batai4u.lt\/#website"},"primaryImageOfPage":{"@id":"https:\/\/batai4u.lt\/index.php\/product\/r396550853-weestep-atsvaitines-basutes\/#primaryimage"},"image":{"@id":"https:\/\/batai4u.lt\/index.php\/product\/r396550853-weestep-atsvaitines-basutes\/#primaryimage"},"thumbnailUrl":"https:\/\/batai4u.lt\/wp-content\/uploads\/2024\/02\/20240208_163823.png","datePublished":"2024-02-14T13:02:42+00:00","dateModified":"2024-10-06T17:27:11+00:00","breadcrumb":{"@id":"https:\/\/batai4u.lt\/index.php\/product\/r396550853-weestep-atsvaitines-basutes\/#breadcrumb"},"inLanguage":"en-US","potentialAction":[{"@type":"ReadAction","target":["https:\/\/batai4u.lt\/index.php\/product\/r396550853-weestep-atsvaitines-basutes\/"]}]},{"@type":"ImageObject","inLanguage":"en-US","@id":"https:\/\/batai4u.lt\/index.php\/product\/r396550853-weestep-atsvaitines-basutes\/#primaryimage","url":"https:\/\/batai4u.lt\/wp-content\/uploads\/2024\/02\/20240208_163823.png","contentUrl":"https:\/\/batai4u.lt\/wp-content\/uploads\/2024\/02\/20240208_163823.png","width":1443,"height":1788},{"@type":"BreadcrumbList","@id":"https:\/\/batai4u.lt\/index.php\/product\/r396550853-weestep-atsvaitines-basutes\/#breadcrumb","itemListElement":[{"@type":"ListItem","position":1,"name":"Home","item":"https:\/\/batai4u.lt\/"},{"@type":"ListItem","position":2,"name":"Parduotuv\u0117","item":"https:\/\/batai4u.lt\/index.php\/shop\/"},{"@type":"ListItem","position":3,"name":"R396550853 Weestep at\u0161vaitin\u0117s basut\u0117s 26-31d (Liko 28d)"}]},{"@type":"WebSite","@id":"https:\/\/batai4u.lt\/#website","url":"https:\/\/batai4u.lt\/","name":"Batai4u.lt","description":"batai vaikams ir ne tik","publisher":{"@id":"https:\/\/batai4u.lt\/#\/schema\/person\/8cc43a99285533a2c3e2c58a641f566a"},"potentialAction":[{"@type":"SearchAction","target":{"@type":"EntryPoint","urlTemplate":"https:\/\/batai4u.lt\/?s={search_term_string}"},"query-input":{"@type":"PropertyValueSpecification","valueRequired":true,"valueName":"search_term_string"}}],"inLanguage":"en-US"},{"@type":["Person","Organization"],"@id":"https:\/\/batai4u.lt\/#\/schema\/person\/8cc43a99285533a2c3e2c58a641f566a","name":"Erika Steponavi\u010dien\u0117","image":{"@type":"ImageObject","inLanguage":"en-US","@id":"https:\/\/secure.gravatar.com\/avatar\/de70a9d8a8fae7160f42990935bcabb5f827c9e01e111e0bcd4d408af9ba954c?s=96&d=mm&r=g","url":"https:\/\/secure.gravatar.com\/avatar\/de70a9d8a8fae7160f42990935bcabb5f827c9e01e111e0bcd4d408af9ba954c?s=96&d=mm&r=g","contentUrl":"https:\/\/secure.gravatar.com\/avatar\/de70a9d8a8fae7160f42990935bcabb5f827c9e01e111e0bcd4d408af9ba954c?s=96&d=mm&r=g","caption":"Erika Steponavi\u010dien\u0117"},"logo":{"@id":"https:\/\/secure.gravatar.com\/avatar\/de70a9d8a8fae7160f42990935bcabb5f827c9e01e111e0bcd4d408af9ba954c?s=96&d=mm&r=g"},"sameAs":["http:\/\/batai4u.lt"]}]}},"jetpack_sharing_enabled":true,"_links":{"self":[{"href":"https:\/\/batai4u.lt\/index.php\/wp-json\/wp\/v2\/product\/4316","targetHints":{"allow":["GET"]}}],"collection":[{"href":"https:\/\/batai4u.lt\/index.php\/wp-json\/wp\/v2\/product"}],"about":[{"href":"https:\/\/batai4u.lt\/index.php\/wp-json\/wp\/v2\/types\/product"}],"replies":[{"embeddable":true,"href":"https:\/\/batai4u.lt\/index.php\/wp-json\/wp\/v2\/comments?post=4316"}],"wp:featuredmedia":[{"embeddable":true,"href":"https:\/\/batai4u.lt\/index.php\/wp-json\/wp\/v2\/media\/4263"}],"wp:attachment":[{"href":"https:\/\/batai4u.lt\/index.php\/wp-json\/wp\/v2\/media?parent=4316"}],"wp:term":[{"taxonomy":"product_brand","embeddable":true,"href":"https:\/\/batai4u.lt\/index.php\/wp-json\/wp\/v2\/product_brand?post=4316"},{"taxonomy":"product_cat","embeddable":true,"href":"https:\/\/batai4u.lt\/index.php\/wp-json\/wp\/v2\/product_cat?post=4316"},{"taxonomy":"product_tag","embeddable":true,"href":"https:\/\/batai4u.lt\/index.php\/wp-json\/wp\/v2\/product_tag?post=4316"}],"curies":[{"name":"wp","href":"https:\/\/api.w.org\/{rel}","templated":true}]}}