{"id":4687,"date":"2024-09-17T12:35:28","date_gmt":"2024-09-17T12:35:28","guid":{"rendered":"https:\/\/batai4u.lt\/?post_type=product&#038;p=4687"},"modified":"2025-06-02T18:33:49","modified_gmt":"2025-06-02T18:33:49","slug":"r761664582-weestep-juodi-bateliai-32-37d","status":"publish","type":"product","link":"https:\/\/batai4u.lt\/index.php\/product\/r761664582-weestep-juodi-bateliai-32-37d\/","title":{"rendered":"R761664582 Weestep juodi bateliai (32-37d)"},"content":{"rendered":"<ul>\n<li>32d-\u00a0 20,5cm<\/li>\n<li>33d.- 21 cm<\/li>\n<li>34d.- 21,5.cm<\/li>\n<li>35d.- 22cm<\/li>\n<li>36d.- 22,5cm<\/li>\n<li>37d.- 23cm<\/li>\n<\/ul>\n","protected":false},"excerpt":{"rendered":"<p>Weestep batukai. Auk\u0161tos kokyb\u0117s. Odiniai, ortopediniai- turi supinatori\u0173 , tvirtas u\u017ekulnis ir pakietinti pir\u0161tukai. . Labai patog\u016bs, lengvu\u010diai, lankst\u016bs.<\/p>\n","protected":false},"featured_media":4811,"comment_status":"closed","ping_status":"closed","template":"","meta":[],"product_brand":[],"product_cat":[80,63,31],"product_tag":[95,99,100,101,102,103,98,83],"class_list":{"0":"post-4687","1":"product","2":"type-product","3":"status-publish","4":"has-post-thumbnail","6":"product_cat-bateliai","7":"product_cat-vaikinam-merginom-batai","8":"product_cat-mergaitems-vasara","9":"product_tag-95","10":"product_tag-99","11":"product_tag-100","12":"product_tag-101","13":"product_tag-102","14":"product_tag-103","15":"product_tag-bateliai","16":"product_tag-weestep","17":"futurio-has-gallery","19":"first","20":"instock","21":"shipping-taxable","22":"purchasable","23":"product-type-variable"},"yoast_head":"<!-- This site is optimized with the Yoast SEO plugin v27.4 - https:\/\/yoast.com\/product\/yoast-seo-wordpress\/ -->\n<title>R761664582 Weestep juodi bateliai (32-37d) - Batai4u.lt<\/title>\n<meta name=\"robots\" content=\"index, follow, max-snippet:-1, max-image-preview:large, max-video-preview:-1\" \/>\n<link rel=\"canonical\" href=\"https:\/\/batai4u.lt\/index.php\/product\/r761664582-weestep-juodi-bateliai-32-37d\/\" \/>\n<meta property=\"og:locale\" content=\"en_US\" \/>\n<meta property=\"og:type\" content=\"article\" \/>\n<meta property=\"og:title\" content=\"R761664582 Weestep juodi bateliai (32-37d) - Batai4u.lt\" \/>\n<meta property=\"og:description\" content=\"Weestep batukai. Auk\u0161tos kokyb\u0117s. Odiniai, ortopediniai- turi supinatori\u0173 , tvirtas u\u017ekulnis ir pakietinti pir\u0161tukai. . Labai patog\u016bs, lengvu\u010diai, lankst\u016bs.\" \/>\n<meta property=\"og:url\" content=\"https:\/\/batai4u.lt\/index.php\/product\/r761664582-weestep-juodi-bateliai-32-37d\/\" \/>\n<meta property=\"og:site_name\" content=\"Batai4u.lt\" \/>\n<meta property=\"article:modified_time\" content=\"2025-06-02T18:33:49+00:00\" \/>\n<meta property=\"og:image\" content=\"https:\/\/batai4u.lt\/wp-content\/uploads\/2024\/09\/7550c6f9-b00b-44a7-9d8d-ec4bafb57e0a.jpg\" \/>\n\t<meta property=\"og:image:width\" content=\"1024\" \/>\n\t<meta property=\"og:image:height\" content=\"1024\" \/>\n\t<meta property=\"og:image:type\" content=\"image\/jpeg\" \/>\n<meta name=\"twitter:card\" content=\"summary_large_image\" \/>\n<script type=\"application\/ld+json\" class=\"yoast-schema-graph\">{\"@context\":\"https:\\\/\\\/schema.org\",\"@graph\":[{\"@type\":\"WebPage\",\"@id\":\"https:\\\/\\\/batai4u.lt\\\/index.php\\\/product\\\/r761664582-weestep-juodi-bateliai-32-37d\\\/\",\"url\":\"https:\\\/\\\/batai4u.lt\\\/index.php\\\/product\\\/r761664582-weestep-juodi-bateliai-32-37d\\\/\",\"name\":\"R761664582 Weestep juodi bateliai (32-37d) - Batai4u.lt\",\"isPartOf\":{\"@id\":\"https:\\\/\\\/batai4u.lt\\\/#website\"},\"primaryImageOfPage\":{\"@id\":\"https:\\\/\\\/batai4u.lt\\\/index.php\\\/product\\\/r761664582-weestep-juodi-bateliai-32-37d\\\/#primaryimage\"},\"image\":{\"@id\":\"https:\\\/\\\/batai4u.lt\\\/index.php\\\/product\\\/r761664582-weestep-juodi-bateliai-32-37d\\\/#primaryimage\"},\"thumbnailUrl\":\"https:\\\/\\\/batai4u.lt\\\/wp-content\\\/uploads\\\/2024\\\/09\\\/7550c6f9-b00b-44a7-9d8d-ec4bafb57e0a.jpg\",\"datePublished\":\"2024-09-17T12:35:28+00:00\",\"dateModified\":\"2025-06-02T18:33:49+00:00\",\"breadcrumb\":{\"@id\":\"https:\\\/\\\/batai4u.lt\\\/index.php\\\/product\\\/r761664582-weestep-juodi-bateliai-32-37d\\\/#breadcrumb\"},\"inLanguage\":\"en-US\",\"potentialAction\":[{\"@type\":\"ReadAction\",\"target\":[\"https:\\\/\\\/batai4u.lt\\\/index.php\\\/product\\\/r761664582-weestep-juodi-bateliai-32-37d\\\/\"]}]},{\"@type\":\"ImageObject\",\"inLanguage\":\"en-US\",\"@id\":\"https:\\\/\\\/batai4u.lt\\\/index.php\\\/product\\\/r761664582-weestep-juodi-bateliai-32-37d\\\/#primaryimage\",\"url\":\"https:\\\/\\\/batai4u.lt\\\/wp-content\\\/uploads\\\/2024\\\/09\\\/7550c6f9-b00b-44a7-9d8d-ec4bafb57e0a.jpg\",\"contentUrl\":\"https:\\\/\\\/batai4u.lt\\\/wp-content\\\/uploads\\\/2024\\\/09\\\/7550c6f9-b00b-44a7-9d8d-ec4bafb57e0a.jpg\",\"width\":1024,\"height\":1024},{\"@type\":\"BreadcrumbList\",\"@id\":\"https:\\\/\\\/batai4u.lt\\\/index.php\\\/product\\\/r761664582-weestep-juodi-bateliai-32-37d\\\/#breadcrumb\",\"itemListElement\":[{\"@type\":\"ListItem\",\"position\":1,\"name\":\"Home\",\"item\":\"https:\\\/\\\/batai4u.lt\\\/\"},{\"@type\":\"ListItem\",\"position\":2,\"name\":\"Parduotuv\u0117\",\"item\":\"https:\\\/\\\/batai4u.lt\\\/index.php\\\/shop\\\/\"},{\"@type\":\"ListItem\",\"position\":3,\"name\":\"R761664582 Weestep juodi bateliai (32-37d)\"}]},{\"@type\":\"WebSite\",\"@id\":\"https:\\\/\\\/batai4u.lt\\\/#website\",\"url\":\"https:\\\/\\\/batai4u.lt\\\/\",\"name\":\"Batai4u.lt\",\"description\":\"batai vaikams ir ne tik\",\"publisher\":{\"@id\":\"https:\\\/\\\/batai4u.lt\\\/#\\\/schema\\\/person\\\/8cc43a99285533a2c3e2c58a641f566a\"},\"potentialAction\":[{\"@type\":\"SearchAction\",\"target\":{\"@type\":\"EntryPoint\",\"urlTemplate\":\"https:\\\/\\\/batai4u.lt\\\/?s={search_term_string}\"},\"query-input\":{\"@type\":\"PropertyValueSpecification\",\"valueRequired\":true,\"valueName\":\"search_term_string\"}}],\"inLanguage\":\"en-US\"},{\"@type\":[\"Person\",\"Organization\"],\"@id\":\"https:\\\/\\\/batai4u.lt\\\/#\\\/schema\\\/person\\\/8cc43a99285533a2c3e2c58a641f566a\",\"name\":\"Erika Steponavi\u010dien\u0117\",\"image\":{\"@type\":\"ImageObject\",\"inLanguage\":\"en-US\",\"@id\":\"https:\\\/\\\/secure.gravatar.com\\\/avatar\\\/de70a9d8a8fae7160f42990935bcabb5f827c9e01e111e0bcd4d408af9ba954c?s=96&d=mm&r=g\",\"url\":\"https:\\\/\\\/secure.gravatar.com\\\/avatar\\\/de70a9d8a8fae7160f42990935bcabb5f827c9e01e111e0bcd4d408af9ba954c?s=96&d=mm&r=g\",\"contentUrl\":\"https:\\\/\\\/secure.gravatar.com\\\/avatar\\\/de70a9d8a8fae7160f42990935bcabb5f827c9e01e111e0bcd4d408af9ba954c?s=96&d=mm&r=g\",\"caption\":\"Erika Steponavi\u010dien\u0117\"},\"logo\":{\"@id\":\"https:\\\/\\\/secure.gravatar.com\\\/avatar\\\/de70a9d8a8fae7160f42990935bcabb5f827c9e01e111e0bcd4d408af9ba954c?s=96&d=mm&r=g\"},\"sameAs\":[\"http:\\\/\\\/batai4u.lt\"]}]}<\/script>\n<!-- \/ Yoast SEO plugin. -->","yoast_head_json":{"title":"R761664582 Weestep juodi bateliai (32-37d) - Batai4u.lt","robots":{"index":"index","follow":"follow","max-snippet":"max-snippet:-1","max-image-preview":"max-image-preview:large","max-video-preview":"max-video-preview:-1"},"canonical":"https:\/\/batai4u.lt\/index.php\/product\/r761664582-weestep-juodi-bateliai-32-37d\/","og_locale":"en_US","og_type":"article","og_title":"R761664582 Weestep juodi bateliai (32-37d) - Batai4u.lt","og_description":"Weestep batukai. Auk\u0161tos kokyb\u0117s. Odiniai, ortopediniai- turi supinatori\u0173 , tvirtas u\u017ekulnis ir pakietinti pir\u0161tukai. . Labai patog\u016bs, lengvu\u010diai, lankst\u016bs.","og_url":"https:\/\/batai4u.lt\/index.php\/product\/r761664582-weestep-juodi-bateliai-32-37d\/","og_site_name":"Batai4u.lt","article_modified_time":"2025-06-02T18:33:49+00:00","og_image":[{"width":1024,"height":1024,"url":"https:\/\/batai4u.lt\/wp-content\/uploads\/2024\/09\/7550c6f9-b00b-44a7-9d8d-ec4bafb57e0a.jpg","type":"image\/jpeg"}],"twitter_card":"summary_large_image","schema":{"@context":"https:\/\/schema.org","@graph":[{"@type":"WebPage","@id":"https:\/\/batai4u.lt\/index.php\/product\/r761664582-weestep-juodi-bateliai-32-37d\/","url":"https:\/\/batai4u.lt\/index.php\/product\/r761664582-weestep-juodi-bateliai-32-37d\/","name":"R761664582 Weestep juodi bateliai (32-37d) - Batai4u.lt","isPartOf":{"@id":"https:\/\/batai4u.lt\/#website"},"primaryImageOfPage":{"@id":"https:\/\/batai4u.lt\/index.php\/product\/r761664582-weestep-juodi-bateliai-32-37d\/#primaryimage"},"image":{"@id":"https:\/\/batai4u.lt\/index.php\/product\/r761664582-weestep-juodi-bateliai-32-37d\/#primaryimage"},"thumbnailUrl":"https:\/\/batai4u.lt\/wp-content\/uploads\/2024\/09\/7550c6f9-b00b-44a7-9d8d-ec4bafb57e0a.jpg","datePublished":"2024-09-17T12:35:28+00:00","dateModified":"2025-06-02T18:33:49+00:00","breadcrumb":{"@id":"https:\/\/batai4u.lt\/index.php\/product\/r761664582-weestep-juodi-bateliai-32-37d\/#breadcrumb"},"inLanguage":"en-US","potentialAction":[{"@type":"ReadAction","target":["https:\/\/batai4u.lt\/index.php\/product\/r761664582-weestep-juodi-bateliai-32-37d\/"]}]},{"@type":"ImageObject","inLanguage":"en-US","@id":"https:\/\/batai4u.lt\/index.php\/product\/r761664582-weestep-juodi-bateliai-32-37d\/#primaryimage","url":"https:\/\/batai4u.lt\/wp-content\/uploads\/2024\/09\/7550c6f9-b00b-44a7-9d8d-ec4bafb57e0a.jpg","contentUrl":"https:\/\/batai4u.lt\/wp-content\/uploads\/2024\/09\/7550c6f9-b00b-44a7-9d8d-ec4bafb57e0a.jpg","width":1024,"height":1024},{"@type":"BreadcrumbList","@id":"https:\/\/batai4u.lt\/index.php\/product\/r761664582-weestep-juodi-bateliai-32-37d\/#breadcrumb","itemListElement":[{"@type":"ListItem","position":1,"name":"Home","item":"https:\/\/batai4u.lt\/"},{"@type":"ListItem","position":2,"name":"Parduotuv\u0117","item":"https:\/\/batai4u.lt\/index.php\/shop\/"},{"@type":"ListItem","position":3,"name":"R761664582 Weestep juodi bateliai (32-37d)"}]},{"@type":"WebSite","@id":"https:\/\/batai4u.lt\/#website","url":"https:\/\/batai4u.lt\/","name":"Batai4u.lt","description":"batai vaikams ir ne tik","publisher":{"@id":"https:\/\/batai4u.lt\/#\/schema\/person\/8cc43a99285533a2c3e2c58a641f566a"},"potentialAction":[{"@type":"SearchAction","target":{"@type":"EntryPoint","urlTemplate":"https:\/\/batai4u.lt\/?s={search_term_string}"},"query-input":{"@type":"PropertyValueSpecification","valueRequired":true,"valueName":"search_term_string"}}],"inLanguage":"en-US"},{"@type":["Person","Organization"],"@id":"https:\/\/batai4u.lt\/#\/schema\/person\/8cc43a99285533a2c3e2c58a641f566a","name":"Erika Steponavi\u010dien\u0117","image":{"@type":"ImageObject","inLanguage":"en-US","@id":"https:\/\/secure.gravatar.com\/avatar\/de70a9d8a8fae7160f42990935bcabb5f827c9e01e111e0bcd4d408af9ba954c?s=96&d=mm&r=g","url":"https:\/\/secure.gravatar.com\/avatar\/de70a9d8a8fae7160f42990935bcabb5f827c9e01e111e0bcd4d408af9ba954c?s=96&d=mm&r=g","contentUrl":"https:\/\/secure.gravatar.com\/avatar\/de70a9d8a8fae7160f42990935bcabb5f827c9e01e111e0bcd4d408af9ba954c?s=96&d=mm&r=g","caption":"Erika Steponavi\u010dien\u0117"},"logo":{"@id":"https:\/\/secure.gravatar.com\/avatar\/de70a9d8a8fae7160f42990935bcabb5f827c9e01e111e0bcd4d408af9ba954c?s=96&d=mm&r=g"},"sameAs":["http:\/\/batai4u.lt"]}]}},"jetpack_sharing_enabled":true,"_links":{"self":[{"href":"https:\/\/batai4u.lt\/index.php\/wp-json\/wp\/v2\/product\/4687","targetHints":{"allow":["GET"]}}],"collection":[{"href":"https:\/\/batai4u.lt\/index.php\/wp-json\/wp\/v2\/product"}],"about":[{"href":"https:\/\/batai4u.lt\/index.php\/wp-json\/wp\/v2\/types\/product"}],"replies":[{"embeddable":true,"href":"https:\/\/batai4u.lt\/index.php\/wp-json\/wp\/v2\/comments?post=4687"}],"wp:featuredmedia":[{"embeddable":true,"href":"https:\/\/batai4u.lt\/index.php\/wp-json\/wp\/v2\/media\/4811"}],"wp:attachment":[{"href":"https:\/\/batai4u.lt\/index.php\/wp-json\/wp\/v2\/media?parent=4687"}],"wp:term":[{"taxonomy":"product_brand","embeddable":true,"href":"https:\/\/batai4u.lt\/index.php\/wp-json\/wp\/v2\/product_brand?post=4687"},{"taxonomy":"product_cat","embeddable":true,"href":"https:\/\/batai4u.lt\/index.php\/wp-json\/wp\/v2\/product_cat?post=4687"},{"taxonomy":"product_tag","embeddable":true,"href":"https:\/\/batai4u.lt\/index.php\/wp-json\/wp\/v2\/product_tag?post=4687"}],"curies":[{"name":"wp","href":"https:\/\/api.w.org\/{rel}","templated":true}]}}