{"id":4984,"date":"2025-11-28T12:40:25","date_gmt":"2025-11-28T12:40:25","guid":{"rendered":"https:\/\/batai4u.lt\/?post_type=product&#038;p=4984"},"modified":"2026-01-12T15:40:09","modified_gmt":"2026-01-12T15:40:09","slug":"f-0555-tom-m-zieminiai-termo-batai-mergaitems-33-38dmazinti","status":"publish","type":"product","link":"https:\/\/batai4u.lt\/index.php\/product\/f-0555-tom-m-zieminiai-termo-batai-mergaitems-33-38dmazinti\/","title":{"rendered":"F-0555 Tom.m \u017eieminiai termo batai mergait\u0117ms (33-38d)(ma\u017einti)"},"content":{"rendered":"<p>&nbsp;<\/p>\n<ul>\n<li><span dir=\"auto\" style=\"vertical-align: inherit;\"><span dir=\"auto\" style=\"vertical-align: inherit;\">33d &#8211; 20cm<\/span><\/span><\/li>\n<li><span dir=\"auto\" style=\"vertical-align: inherit;\"><span dir=\"auto\" style=\"vertical-align: inherit;\">34d &#8211; 20,7 cm<\/span><\/span><\/li>\n<li><span dir=\"auto\" style=\"vertical-align: inherit;\"><span dir=\"auto\" style=\"vertical-align: inherit;\">35d &#8211; 21,5cm<\/span><\/span><\/li>\n<li><span dir=\"auto\" style=\"vertical-align: inherit;\"><span dir=\"auto\" style=\"vertical-align: inherit;\">36d-22cm<\/span><\/span><\/li>\n<li><span dir=\"auto\" style=\"vertical-align: inherit;\"><span dir=\"auto\" style=\"vertical-align: inherit;\">37d &#8211; 22,8cm<\/span><\/span><\/li>\n<li><span dir=\"auto\" style=\"vertical-align: inherit;\"><span dir=\"auto\" style=\"vertical-align: inherit;\">38\u201323,5 cm<\/span><\/span><\/li>\n<\/ul>\n","protected":false},"excerpt":{"rendered":"<p>Tom.m \u017eiemiai termo batukai. Su vilna viduje.\u00a0 Neper\u0161lampa. Lengvu\u010diai. Yra pir\u0161tuk\u0173 apsauga. Atkreipkite d\u0117mes\u012f \u012f i\u0161matavimus &#8211; modelis ma\u017eintas!!!!<\/p>\n","protected":false},"featured_media":4972,"comment_status":"open","ping_status":"closed","template":"","meta":[],"product_brand":[135],"product_cat":[63,75],"product_tag":[99,100,101,102,103,129],"class_list":{"0":"post-4984","1":"product","2":"type-product","3":"status-publish","4":"has-post-thumbnail","6":"product_brand-tom-m","7":"product_cat-vaikinam-merginom-batai","8":"product_cat-mergaitems-ziema","9":"product_tag-99","10":"product_tag-100","11":"product_tag-101","12":"product_tag-102","13":"product_tag-103","14":"product_tag-129","15":"futurio-has-gallery","17":"first","18":"instock","19":"shipping-taxable","20":"purchasable","21":"product-type-variable"},"yoast_head":"<!-- This site is optimized with the Yoast SEO plugin v27.5 - https:\/\/yoast.com\/product\/yoast-seo-wordpress\/ -->\n<title>F-0555 Tom.m \u017eieminiai termo batai mergait\u0117ms (33-38d)(ma\u017einti) - Batai4u.lt<\/title>\n<meta name=\"robots\" content=\"index, follow, max-snippet:-1, max-image-preview:large, max-video-preview:-1\" \/>\n<link rel=\"canonical\" href=\"https:\/\/batai4u.lt\/index.php\/product\/f-0555-tom-m-zieminiai-termo-batai-mergaitems-33-38dmazinti\/\" \/>\n<meta property=\"og:locale\" content=\"en_US\" \/>\n<meta property=\"og:type\" content=\"article\" \/>\n<meta property=\"og:title\" content=\"F-0555 Tom.m \u017eieminiai termo batai mergait\u0117ms (33-38d)(ma\u017einti) - Batai4u.lt\" \/>\n<meta property=\"og:description\" content=\"Tom.m \u017eiemiai termo batukai. Su vilna viduje.\u00a0 Neper\u0161lampa. Lengvu\u010diai. Yra pir\u0161tuk\u0173 apsauga. Atkreipkite d\u0117mes\u012f \u012f i\u0161matavimus - modelis ma\u017eintas!!!!\" \/>\n<meta property=\"og:url\" content=\"https:\/\/batai4u.lt\/index.php\/product\/f-0555-tom-m-zieminiai-termo-batai-mergaitems-33-38dmazinti\/\" \/>\n<meta property=\"og:site_name\" content=\"Batai4u.lt\" \/>\n<meta property=\"article:modified_time\" content=\"2026-01-12T15:40:09+00:00\" \/>\n<meta property=\"og:image\" content=\"https:\/\/batai4u.lt\/wp-content\/uploads\/2025\/11\/Photoroom_20251126_152359.jpeg\" \/>\n\t<meta property=\"og:image:width\" content=\"1280\" \/>\n\t<meta property=\"og:image:height\" content=\"1280\" \/>\n\t<meta property=\"og:image:type\" content=\"image\/jpeg\" \/>\n<meta name=\"twitter:card\" content=\"summary_large_image\" \/>\n<meta name=\"twitter:label1\" content=\"Est. reading time\" \/>\n\t<meta name=\"twitter:data1\" content=\"1 minute\" \/>\n<script type=\"application\/ld+json\" class=\"yoast-schema-graph\">{\"@context\":\"https:\\\/\\\/schema.org\",\"@graph\":[{\"@type\":\"WebPage\",\"@id\":\"https:\\\/\\\/batai4u.lt\\\/index.php\\\/product\\\/f-0555-tom-m-zieminiai-termo-batai-mergaitems-33-38dmazinti\\\/\",\"url\":\"https:\\\/\\\/batai4u.lt\\\/index.php\\\/product\\\/f-0555-tom-m-zieminiai-termo-batai-mergaitems-33-38dmazinti\\\/\",\"name\":\"F-0555 Tom.m \u017eieminiai termo batai mergait\u0117ms (33-38d)(ma\u017einti) - Batai4u.lt\",\"isPartOf\":{\"@id\":\"https:\\\/\\\/batai4u.lt\\\/#website\"},\"primaryImageOfPage\":{\"@id\":\"https:\\\/\\\/batai4u.lt\\\/index.php\\\/product\\\/f-0555-tom-m-zieminiai-termo-batai-mergaitems-33-38dmazinti\\\/#primaryimage\"},\"image\":{\"@id\":\"https:\\\/\\\/batai4u.lt\\\/index.php\\\/product\\\/f-0555-tom-m-zieminiai-termo-batai-mergaitems-33-38dmazinti\\\/#primaryimage\"},\"thumbnailUrl\":\"https:\\\/\\\/batai4u.lt\\\/wp-content\\\/uploads\\\/2025\\\/11\\\/Photoroom_20251126_152359.jpeg\",\"datePublished\":\"2025-11-28T12:40:25+00:00\",\"dateModified\":\"2026-01-12T15:40:09+00:00\",\"breadcrumb\":{\"@id\":\"https:\\\/\\\/batai4u.lt\\\/index.php\\\/product\\\/f-0555-tom-m-zieminiai-termo-batai-mergaitems-33-38dmazinti\\\/#breadcrumb\"},\"inLanguage\":\"en-US\",\"potentialAction\":[{\"@type\":\"ReadAction\",\"target\":[\"https:\\\/\\\/batai4u.lt\\\/index.php\\\/product\\\/f-0555-tom-m-zieminiai-termo-batai-mergaitems-33-38dmazinti\\\/\"]}]},{\"@type\":\"ImageObject\",\"inLanguage\":\"en-US\",\"@id\":\"https:\\\/\\\/batai4u.lt\\\/index.php\\\/product\\\/f-0555-tom-m-zieminiai-termo-batai-mergaitems-33-38dmazinti\\\/#primaryimage\",\"url\":\"https:\\\/\\\/batai4u.lt\\\/wp-content\\\/uploads\\\/2025\\\/11\\\/Photoroom_20251126_152359.jpeg\",\"contentUrl\":\"https:\\\/\\\/batai4u.lt\\\/wp-content\\\/uploads\\\/2025\\\/11\\\/Photoroom_20251126_152359.jpeg\",\"width\":1280,\"height\":1280},{\"@type\":\"BreadcrumbList\",\"@id\":\"https:\\\/\\\/batai4u.lt\\\/index.php\\\/product\\\/f-0555-tom-m-zieminiai-termo-batai-mergaitems-33-38dmazinti\\\/#breadcrumb\",\"itemListElement\":[{\"@type\":\"ListItem\",\"position\":1,\"name\":\"Home\",\"item\":\"https:\\\/\\\/batai4u.lt\\\/\"},{\"@type\":\"ListItem\",\"position\":2,\"name\":\"Parduotuv\u0117\",\"item\":\"https:\\\/\\\/batai4u.lt\\\/index.php\\\/shop\\\/\"},{\"@type\":\"ListItem\",\"position\":3,\"name\":\"F-0555 Tom.m \u017eieminiai termo batai mergait\u0117ms (33-38d)(ma\u017einti)\"}]},{\"@type\":\"WebSite\",\"@id\":\"https:\\\/\\\/batai4u.lt\\\/#website\",\"url\":\"https:\\\/\\\/batai4u.lt\\\/\",\"name\":\"Batai4u.lt\",\"description\":\"batai vaikams ir ne tik\",\"publisher\":{\"@id\":\"https:\\\/\\\/batai4u.lt\\\/#\\\/schema\\\/person\\\/8cc43a99285533a2c3e2c58a641f566a\"},\"potentialAction\":[{\"@type\":\"SearchAction\",\"target\":{\"@type\":\"EntryPoint\",\"urlTemplate\":\"https:\\\/\\\/batai4u.lt\\\/?s={search_term_string}\"},\"query-input\":{\"@type\":\"PropertyValueSpecification\",\"valueRequired\":true,\"valueName\":\"search_term_string\"}}],\"inLanguage\":\"en-US\"},{\"@type\":[\"Person\",\"Organization\"],\"@id\":\"https:\\\/\\\/batai4u.lt\\\/#\\\/schema\\\/person\\\/8cc43a99285533a2c3e2c58a641f566a\",\"name\":\"Erika Steponavi\u010dien\u0117\",\"image\":{\"@type\":\"ImageObject\",\"inLanguage\":\"en-US\",\"@id\":\"https:\\\/\\\/secure.gravatar.com\\\/avatar\\\/de70a9d8a8fae7160f42990935bcabb5f827c9e01e111e0bcd4d408af9ba954c?s=96&d=mm&r=g\",\"url\":\"https:\\\/\\\/secure.gravatar.com\\\/avatar\\\/de70a9d8a8fae7160f42990935bcabb5f827c9e01e111e0bcd4d408af9ba954c?s=96&d=mm&r=g\",\"contentUrl\":\"https:\\\/\\\/secure.gravatar.com\\\/avatar\\\/de70a9d8a8fae7160f42990935bcabb5f827c9e01e111e0bcd4d408af9ba954c?s=96&d=mm&r=g\",\"caption\":\"Erika Steponavi\u010dien\u0117\"},\"logo\":{\"@id\":\"https:\\\/\\\/secure.gravatar.com\\\/avatar\\\/de70a9d8a8fae7160f42990935bcabb5f827c9e01e111e0bcd4d408af9ba954c?s=96&d=mm&r=g\"},\"sameAs\":[\"http:\\\/\\\/batai4u.lt\"]}]}<\/script>\n<!-- \/ Yoast SEO plugin. -->","yoast_head_json":{"title":"F-0555 Tom.m \u017eieminiai termo batai mergait\u0117ms (33-38d)(ma\u017einti) - Batai4u.lt","robots":{"index":"index","follow":"follow","max-snippet":"max-snippet:-1","max-image-preview":"max-image-preview:large","max-video-preview":"max-video-preview:-1"},"canonical":"https:\/\/batai4u.lt\/index.php\/product\/f-0555-tom-m-zieminiai-termo-batai-mergaitems-33-38dmazinti\/","og_locale":"en_US","og_type":"article","og_title":"F-0555 Tom.m \u017eieminiai termo batai mergait\u0117ms (33-38d)(ma\u017einti) - Batai4u.lt","og_description":"Tom.m \u017eiemiai termo batukai. Su vilna viduje.\u00a0 Neper\u0161lampa. Lengvu\u010diai. Yra pir\u0161tuk\u0173 apsauga. Atkreipkite d\u0117mes\u012f \u012f i\u0161matavimus - modelis ma\u017eintas!!!!","og_url":"https:\/\/batai4u.lt\/index.php\/product\/f-0555-tom-m-zieminiai-termo-batai-mergaitems-33-38dmazinti\/","og_site_name":"Batai4u.lt","article_modified_time":"2026-01-12T15:40:09+00:00","og_image":[{"width":1280,"height":1280,"url":"https:\/\/batai4u.lt\/wp-content\/uploads\/2025\/11\/Photoroom_20251126_152359.jpeg","type":"image\/jpeg"}],"twitter_card":"summary_large_image","twitter_misc":{"Est. reading time":"1 minute"},"schema":{"@context":"https:\/\/schema.org","@graph":[{"@type":"WebPage","@id":"https:\/\/batai4u.lt\/index.php\/product\/f-0555-tom-m-zieminiai-termo-batai-mergaitems-33-38dmazinti\/","url":"https:\/\/batai4u.lt\/index.php\/product\/f-0555-tom-m-zieminiai-termo-batai-mergaitems-33-38dmazinti\/","name":"F-0555 Tom.m \u017eieminiai termo batai mergait\u0117ms (33-38d)(ma\u017einti) - Batai4u.lt","isPartOf":{"@id":"https:\/\/batai4u.lt\/#website"},"primaryImageOfPage":{"@id":"https:\/\/batai4u.lt\/index.php\/product\/f-0555-tom-m-zieminiai-termo-batai-mergaitems-33-38dmazinti\/#primaryimage"},"image":{"@id":"https:\/\/batai4u.lt\/index.php\/product\/f-0555-tom-m-zieminiai-termo-batai-mergaitems-33-38dmazinti\/#primaryimage"},"thumbnailUrl":"https:\/\/batai4u.lt\/wp-content\/uploads\/2025\/11\/Photoroom_20251126_152359.jpeg","datePublished":"2025-11-28T12:40:25+00:00","dateModified":"2026-01-12T15:40:09+00:00","breadcrumb":{"@id":"https:\/\/batai4u.lt\/index.php\/product\/f-0555-tom-m-zieminiai-termo-batai-mergaitems-33-38dmazinti\/#breadcrumb"},"inLanguage":"en-US","potentialAction":[{"@type":"ReadAction","target":["https:\/\/batai4u.lt\/index.php\/product\/f-0555-tom-m-zieminiai-termo-batai-mergaitems-33-38dmazinti\/"]}]},{"@type":"ImageObject","inLanguage":"en-US","@id":"https:\/\/batai4u.lt\/index.php\/product\/f-0555-tom-m-zieminiai-termo-batai-mergaitems-33-38dmazinti\/#primaryimage","url":"https:\/\/batai4u.lt\/wp-content\/uploads\/2025\/11\/Photoroom_20251126_152359.jpeg","contentUrl":"https:\/\/batai4u.lt\/wp-content\/uploads\/2025\/11\/Photoroom_20251126_152359.jpeg","width":1280,"height":1280},{"@type":"BreadcrumbList","@id":"https:\/\/batai4u.lt\/index.php\/product\/f-0555-tom-m-zieminiai-termo-batai-mergaitems-33-38dmazinti\/#breadcrumb","itemListElement":[{"@type":"ListItem","position":1,"name":"Home","item":"https:\/\/batai4u.lt\/"},{"@type":"ListItem","position":2,"name":"Parduotuv\u0117","item":"https:\/\/batai4u.lt\/index.php\/shop\/"},{"@type":"ListItem","position":3,"name":"F-0555 Tom.m \u017eieminiai termo batai mergait\u0117ms (33-38d)(ma\u017einti)"}]},{"@type":"WebSite","@id":"https:\/\/batai4u.lt\/#website","url":"https:\/\/batai4u.lt\/","name":"Batai4u.lt","description":"batai vaikams ir ne tik","publisher":{"@id":"https:\/\/batai4u.lt\/#\/schema\/person\/8cc43a99285533a2c3e2c58a641f566a"},"potentialAction":[{"@type":"SearchAction","target":{"@type":"EntryPoint","urlTemplate":"https:\/\/batai4u.lt\/?s={search_term_string}"},"query-input":{"@type":"PropertyValueSpecification","valueRequired":true,"valueName":"search_term_string"}}],"inLanguage":"en-US"},{"@type":["Person","Organization"],"@id":"https:\/\/batai4u.lt\/#\/schema\/person\/8cc43a99285533a2c3e2c58a641f566a","name":"Erika Steponavi\u010dien\u0117","image":{"@type":"ImageObject","inLanguage":"en-US","@id":"https:\/\/secure.gravatar.com\/avatar\/de70a9d8a8fae7160f42990935bcabb5f827c9e01e111e0bcd4d408af9ba954c?s=96&d=mm&r=g","url":"https:\/\/secure.gravatar.com\/avatar\/de70a9d8a8fae7160f42990935bcabb5f827c9e01e111e0bcd4d408af9ba954c?s=96&d=mm&r=g","contentUrl":"https:\/\/secure.gravatar.com\/avatar\/de70a9d8a8fae7160f42990935bcabb5f827c9e01e111e0bcd4d408af9ba954c?s=96&d=mm&r=g","caption":"Erika Steponavi\u010dien\u0117"},"logo":{"@id":"https:\/\/secure.gravatar.com\/avatar\/de70a9d8a8fae7160f42990935bcabb5f827c9e01e111e0bcd4d408af9ba954c?s=96&d=mm&r=g"},"sameAs":["http:\/\/batai4u.lt"]}]}},"jetpack_sharing_enabled":true,"_links":{"self":[{"href":"https:\/\/batai4u.lt\/index.php\/wp-json\/wp\/v2\/product\/4984","targetHints":{"allow":["GET"]}}],"collection":[{"href":"https:\/\/batai4u.lt\/index.php\/wp-json\/wp\/v2\/product"}],"about":[{"href":"https:\/\/batai4u.lt\/index.php\/wp-json\/wp\/v2\/types\/product"}],"replies":[{"embeddable":true,"href":"https:\/\/batai4u.lt\/index.php\/wp-json\/wp\/v2\/comments?post=4984"}],"wp:featuredmedia":[{"embeddable":true,"href":"https:\/\/batai4u.lt\/index.php\/wp-json\/wp\/v2\/media\/4972"}],"wp:attachment":[{"href":"https:\/\/batai4u.lt\/index.php\/wp-json\/wp\/v2\/media?parent=4984"}],"wp:term":[{"taxonomy":"product_brand","embeddable":true,"href":"https:\/\/batai4u.lt\/index.php\/wp-json\/wp\/v2\/product_brand?post=4984"},{"taxonomy":"product_cat","embeddable":true,"href":"https:\/\/batai4u.lt\/index.php\/wp-json\/wp\/v2\/product_cat?post=4984"},{"taxonomy":"product_tag","embeddable":true,"href":"https:\/\/batai4u.lt\/index.php\/wp-json\/wp\/v2\/product_tag?post=4984"}],"curies":[{"name":"wp","href":"https:\/\/api.w.org\/{rel}","templated":true}]}}